Last updated on 2025-02-16 10:51:00 CET.
Flavor | Version | Tinstall | Tcheck | Ttotal | Status | Flags |
---|---|---|---|---|---|---|
r-devel-linux-x86_64-debian-clang | 1.2.0 | 584.52 | 194.40 | 778.92 | OK | |
r-devel-linux-x86_64-debian-gcc | 1.2.0 | 497.12 | 179.56 | 676.68 | OK | |
r-devel-linux-x86_64-fedora-clang | 1.2.0 | 1304.48 | NOTE | |||
r-devel-linux-x86_64-fedora-gcc | 1.2.0 | 1724.72 | NOTE | |||
r-devel-macos-arm64 | 1.2.0 | 328.00 | OK | |||
r-devel-macos-x86_64 | 1.2.0 | 328.00 | OK | |||
r-devel-windows-x86_64 | 1.2.0 | 528.00 | 324.00 | 852.00 | OK | |
r-patched-linux-x86_64 | 1.2.0 | 646.26 | 238.14 | 884.40 | NOTE | |
r-release-linux-x86_64 | 1.2.0 | 655.58 | 238.15 | 893.73 | NOTE | |
r-release-macos-arm64 | 1.2.0 | 171.00 | NOTE | |||
r-release-macos-x86_64 | 1.2.0 | 169.00 | NOTE | |||
r-release-windows-x86_64 | 1.2.0 | 551.00 | 265.00 | 816.00 | NOTE | |
r-oldrel-macos-arm64 | 1.2.0 | 360.00 | NOTE | |||
r-oldrel-macos-x86_64 | 1.2.0 | 551.00 | NOTE | |||
r-oldrel-windows-x86_64 | 1.2.0 | 725.00 | 339.00 | 1064.00 | NOTE |
Version: 1.2.0
Check: dependencies in R code
Result: NOTE
Namespaces in Imports field not imported from:
‘RcppParallel’ ‘httr’ ‘latex2exp’ ‘rstantools’ ‘tibble’ ‘tidyverse’
‘utils’
All declared Imports should be used.
Flavors: r-devel-linux-x86_64-fedora-clang, r-devel-linux-x86_64-fedora-gcc
Version: 1.2.0
Check: for GNU extensions in Makefiles
Result: NOTE
GNU make is a SystemRequirements.
Flavors: r-patched-linux-x86_64, r-release-linux-x86_64, r-release-macos-arm64, r-release-macos-x86_64, r-release-windows-x86_64, r-oldrel-macos-arm64, r-oldrel-macos-x86_64, r-oldrel-windows-x86_64
Version: 1.2.0
Check: installed package size
Result: NOTE
installed size is 100.9Mb
sub-directories of 1Mb or more:
libs 100.1Mb
Flavors: r-release-macos-arm64, r-release-macos-x86_64, r-release-windows-x86_64, r-oldrel-macos-arm64, r-oldrel-macos-x86_64, r-oldrel-windows-x86_64
These binaries (installable software) and packages are in development.
They may not be fully stable and should be used with caution. We make no claims about them.