Last updated on 2025-05-29 13:49:19 CEST.
Flavor | Version | Tinstall | Tcheck | Ttotal | Status | Flags |
---|---|---|---|---|---|---|
r-devel-linux-x86_64-debian-clang | 2.1.0 | 5.10 | 51.53 | 56.63 | NOTE | |
r-devel-linux-x86_64-debian-gcc | 2.1.0 | 3.83 | 37.86 | 41.69 | NOTE | |
r-devel-linux-x86_64-fedora-clang | 2.1.0 | 89.25 | OK | |||
r-devel-linux-x86_64-fedora-gcc | 2.1.0 | 82.61 | OK | |||
r-devel-windows-x86_64 | 2.1.0 | 6.00 | 73.00 | 79.00 | OK | |
r-patched-linux-x86_64 | 2.1.0 | 5.21 | 49.03 | 54.24 | OK | |
r-release-linux-x86_64 | 2.1.0 | 5.37 | 49.36 | 54.73 | OK | |
r-release-macos-arm64 | 2.1.0 | 31.00 | OK | |||
r-release-macos-x86_64 | 2.1.0 | 55.00 | OK | |||
r-release-windows-x86_64 | 2.1.0 | 7.00 | 74.00 | 81.00 | OK | |
r-oldrel-macos-arm64 | 2.1.0 | 26.00 | OK | |||
r-oldrel-macos-x86_64 | 2.1.0 | 42.00 | OK | |||
r-oldrel-windows-x86_64 | 2.1.0 | 8.00 | 85.00 | 93.00 | OK |
Version: 2.1.0
Check: CRAN incoming feasibility
Result: NOTE
Maintainer: ‘Sergio Garofalo <sergio.garofalo96@gmail.com>’
No Authors@R field in DESCRIPTION.
Please add one, modifying
Authors@R: person(given = "Sergio",
family = "Garofalo",
role = c("aut", "cre"),
email = "sergio.garofalo96@gmail.com")
as necessary.
Flavors: r-devel-linux-x86_64-debian-clang, r-devel-linux-x86_64-debian-gcc
These binaries (installable software) and packages are in development.
They may not be fully stable and should be used with caution. We make no claims about them.