Last updated on 2024-07-27 15:50:35 CEST.
Flavor | Version | Tinstall | Tcheck | Ttotal | Status | Flags |
---|---|---|---|---|---|---|
r-devel-linux-x86_64-debian-clang | 1.5.1 | 21.62 | 318.91 | 340.53 | OK | |
r-devel-linux-x86_64-debian-gcc | 1.5.1 | OK | ||||
r-devel-linux-x86_64-fedora-clang | 1.5.1 | 445.11 | NOTE | |||
r-devel-linux-x86_64-fedora-gcc | 1.5.1 | 414.02 | OK | |||
r-devel-windows-x86_64 | 1.5.1 | 18.00 | 432.00 | 450.00 | OK | |
r-patched-linux-x86_64 | 1.5.1 | OK | ||||
r-release-linux-x86_64 | 1.5.1 | 13.87 | 301.44 | 315.31 | OK | |
r-release-macos-arm64 | 1.5.1 | 203.00 | OK | |||
r-release-macos-x86_64 | 1.5.1 | 176.00 | OK | |||
r-release-windows-x86_64 | 1.5.1 | 17.00 | 181.00 | 198.00 | OK | |
r-oldrel-macos-arm64 | 1.5.1 | 109.00 | OK | |||
r-oldrel-macos-x86_64 | 1.5.1 | 308.00 | OK | |||
r-oldrel-windows-x86_64 | 1.5.1 | 21.00 | 551.00 | 572.00 | OK |
Version: 1.5.1
Check: Rd cross-references
Result: NOTE
Undeclared package ‘AER’ in Rd xrefs
Flavor: r-devel-linux-x86_64-fedora-clang
These binaries (installable software) and packages are in development.
They may not be fully stable and should be used with caution. We make no claims about them.