Last updated on 2025-11-13 21:50:10 CET.
| Flavor | Version | Tinstall | Tcheck | Ttotal | Status | Flags |
|---|---|---|---|---|---|---|
| r-devel-linux-x86_64-debian-clang | 1.0 | 18.55 | 23.31 | 41.86 | NOTE | |
| r-devel-linux-x86_64-debian-gcc | 1.0 | 13.02 | 18.96 | 31.98 | NOTE | |
| r-devel-linux-x86_64-fedora-clang | 1.0 | 37.00 | 40.10 | 77.10 | NOTE | |
| r-devel-linux-x86_64-fedora-gcc | 1.0 | 27.00 | 40.81 | 67.81 | NOTE | |
| r-devel-windows-x86_64 | 1.0 | 26.00 | 58.00 | 84.00 | OK | |
| r-patched-linux-x86_64 | 1.0 | 19.92 | 22.28 | 42.20 | OK | |
| r-release-linux-x86_64 | 1.0 | 20.77 | 22.35 | 43.12 | OK | |
| r-release-macos-arm64 | 1.0 | 9.00 | 18.00 | 27.00 | OK | |
| r-release-macos-x86_64 | 1.0 | 13.00 | 24.00 | 37.00 | OK | |
| r-release-windows-x86_64 | 1.0 | 25.00 | 59.00 | 84.00 | OK | |
| r-oldrel-macos-arm64 | 1.0 | 9.00 | 16.00 | 25.00 | OK | |
| r-oldrel-macos-x86_64 | 1.0 | 11.00 | 22.00 | 33.00 | OK | |
| r-oldrel-windows-x86_64 | 1.0 | 31.00 | 68.00 | 99.00 | OK |
Version: 1.0
Check: CRAN incoming feasibility
Result: NOTE
Maintainer: ‘Kendro Vincent <vincent.kendro@gmail.com>’
No Authors@R field in DESCRIPTION.
Please add one, modifying
Authors@R: c(person(given = "Yu-Chin",
family = "Hsu",
role = "aut"),
person(given = "Kendro",
family = "Vincent",
role = c("aut", "cre"),
email = "vincent.kendro@gmail.com"))
as necessary.
Flavors: r-devel-linux-x86_64-debian-clang, r-devel-linux-x86_64-debian-gcc
Version: 1.0
Check: compiled code
Result: NOTE
File ‘StepwiseTest/libs/StepwiseTest.so’:
Found no calls to: ‘R_registerRoutines’, ‘R_useDynamicSymbols’
It is good practice to register native routines and to disable symbol
search.
See ‘Writing portable packages’ in the ‘Writing R Extensions’ manual.
Flavors: r-devel-linux-x86_64-fedora-clang, r-devel-linux-x86_64-fedora-gcc
These binaries (installable software) and packages are in development.
They may not be fully stable and should be used with caution. We make no claims about them.