Last updated on 2025-05-01 15:49:46 CEST.
Flavor | Version | Tinstall | Tcheck | Ttotal | Status | Flags |
---|---|---|---|---|---|---|
r-devel-linux-x86_64-debian-clang | 1.2 | 2.35 | 19.66 | 22.01 | NOTE | |
r-devel-linux-x86_64-debian-gcc | 1.2 | 1.84 | 16.25 | 18.09 | NOTE | |
r-devel-linux-x86_64-fedora-clang | 1.2 | 34.35 | NOTE | |||
r-devel-linux-x86_64-fedora-gcc | 1.2 | 33.09 | NOTE | |||
r-devel-windows-x86_64 | 1.2 | 4.00 | 44.00 | 48.00 | NOTE | |
r-patched-linux-x86_64 | 1.2 | 2.40 | 18.89 | 21.29 | NOTE | |
r-release-linux-x86_64 | NOTE | |||||
r-release-macos-arm64 | 1.2 | 18.00 | NOTE | |||
r-release-macos-x86_64 | 1.2 | 28.00 | NOTE | |||
r-release-windows-x86_64 | 1.2 | 5.00 | 48.00 | 53.00 | NOTE | |
r-oldrel-macos-arm64 | 1.2 | 17.00 | NOTE | |||
r-oldrel-macos-x86_64 | 1.2 | 22.00 | NOTE | |||
r-oldrel-windows-x86_64 | 1.2 | 3.00 | 42.00 | 45.00 | NOTE |
Version: 1.2
Check: CRAN incoming feasibility
Result: NOTE
Maintainer: ‘Allen Day <allenday@allenday.com>’
No Authors@R field in DESCRIPTION.
Please add one, modifying
Authors@R: person(given = "Allen",
family = "Day",
role = c("aut", "cre"),
email = "allenday@allenday.com")
as necessary.
Flavors: r-devel-linux-x86_64-debian-clang, r-devel-linux-x86_64-debian-gcc
Version: 1.2
Check: DESCRIPTION meta-information
Result: NOTE
Malformed Title field: should not end in a period.
Flavors: r-devel-linux-x86_64-debian-clang, r-devel-linux-x86_64-debian-gcc, r-devel-linux-x86_64-fedora-clang, r-devel-linux-x86_64-fedora-gcc, r-devel-windows-x86_64, r-patched-linux-x86_64, r-release-linux-x86_64, r-release-macos-arm64, r-release-macos-x86_64, r-release-windows-x86_64, r-oldrel-macos-arm64, r-oldrel-macos-x86_64, r-oldrel-windows-x86_64
These binaries (installable software) and packages are in development.
They may not be fully stable and should be used with caution. We make no claims about them.