CRAN Package Check Results for Package StormR

Last updated on 2025-11-11 15:50:49 CET.

Flavor Version Tinstall Tcheck Ttotal Status Flags
r-devel-linux-x86_64-debian-clang 0.2.1 6.11 415.25 421.36 NOTE
r-devel-linux-x86_64-debian-gcc 0.2.1 4.50 282.90 287.40 NOTE
r-devel-linux-x86_64-fedora-clang 0.2.1 14.00 672.88 686.88 NOTE
r-devel-linux-x86_64-fedora-gcc 0.2.1 13.00 667.61 680.61 NOTE
r-devel-windows-x86_64 0.2.1 9.00 454.00 463.00 NOTE
r-patched-linux-x86_64 0.2.1 7.34 403.66 411.00 NOTE
r-release-linux-x86_64 0.2.1 5.32 403.84 409.16 NOTE
r-release-macos-arm64 0.2.1 2.00 199.00 201.00 NOTE
r-release-macos-x86_64 0.2.1 5.00 384.00 389.00 NOTE
r-release-windows-x86_64 0.2.1 10.00 417.00 427.00 NOTE
r-oldrel-macos-arm64 0.2.1 3.00 178.00 181.00 OK
r-oldrel-macos-x86_64 0.2.1 9.00 542.00 551.00 OK
r-oldrel-windows-x86_64 0.2.1 12.00 880.00 892.00 OK

Check Details

Version: 0.2.1
Check: CRAN incoming feasibility
Result: NOTE Maintainer: ‘Thomas Arsouze <thomas.arsouze@cirad.fr>’ The BugReports field in DESCRIPTION has https://github.com/umr-amap/StormR/issues/new/choose which should likely be https://github.com/umr-amap/StormR/issues/new/choose/issues instead. Flavors: r-devel-linux-x86_64-debian-clang, r-devel-linux-x86_64-debian-gcc

Version: 0.2.1
Check: DESCRIPTION meta-information
Result: NOTE Missing dependency on R >= 4.1.0 because package code uses the pipe |> or function shorthand \(...) syntax added in R 4.1.0. File(s) using such syntax: ‘defStormsList.R’ Flavors: r-devel-linux-x86_64-debian-clang, r-devel-linux-x86_64-debian-gcc, r-devel-linux-x86_64-fedora-clang, r-devel-linux-x86_64-fedora-gcc, r-devel-windows-x86_64, r-patched-linux-x86_64, r-release-linux-x86_64, r-release-macos-arm64, r-release-macos-x86_64, r-release-windows-x86_64

These binaries (installable software) and packages are in development.
They may not be fully stable and should be used with caution. We make no claims about them.