Last updated on 2025-02-23 01:51:55 CET.
Flavor | Version | Tinstall | Tcheck | Ttotal | Status | Flags |
---|---|---|---|---|---|---|
r-devel-linux-x86_64-debian-clang | 0.2.1 | 5.90 | 400.21 | 406.11 | NOTE | |
r-devel-linux-x86_64-debian-gcc | 0.2.1 | 5.20 | 276.03 | 281.23 | NOTE | |
r-devel-linux-x86_64-fedora-clang | 0.2.1 | 690.29 | NOTE | |||
r-devel-linux-x86_64-fedora-gcc | 0.2.1 | 688.23 | NOTE | |||
r-devel-macos-arm64 | 0.2.1 | 196.00 | OK | |||
r-devel-macos-x86_64 | 0.2.1 | 437.00 | NOTE | |||
r-devel-windows-x86_64 | 0.2.1 | 8.00 | 677.00 | 685.00 | NOTE | |
r-patched-linux-x86_64 | 0.2.1 | 7.54 | 381.23 | 388.77 | OK | |
r-release-linux-x86_64 | 0.2.1 | 6.72 | 382.50 | 389.22 | OK | |
r-release-macos-arm64 | 0.2.1 | 181.00 | OK | |||
r-release-macos-x86_64 | 0.2.1 | 551.00 | OK | |||
r-release-windows-x86_64 | 0.2.1 | 9.00 | 698.00 | 707.00 | OK | |
r-oldrel-macos-arm64 | 0.2.1 | 255.00 | OK | |||
r-oldrel-macos-x86_64 | 0.2.1 | 573.00 | OK | |||
r-oldrel-windows-x86_64 | 0.2.1 | 11.00 | 897.00 | 908.00 | OK |
Version: 0.2.1
Check: DESCRIPTION meta-information
Result: NOTE
Missing dependency on R >= 4.1.0 because package code uses the pipe
|> or function shorthand \(...) syntax added in R 4.1.0.
File(s) using such syntax:
‘defStormsList.R’
Flavors: r-devel-linux-x86_64-debian-clang, r-devel-linux-x86_64-debian-gcc, r-devel-linux-x86_64-fedora-clang, r-devel-linux-x86_64-fedora-gcc, r-devel-macos-x86_64, r-devel-windows-x86_64
These binaries (installable software) and packages are in development.
They may not be fully stable and should be used with caution. We make no claims about them.