Last updated on 2025-02-16 10:51:00 CET.
Flavor | Version | Tinstall | Tcheck | Ttotal | Status | Flags |
---|---|---|---|---|---|---|
r-devel-linux-x86_64-debian-clang | 1.0.1 | 7.04 | 41.11 | 48.15 | NOTE | |
r-devel-linux-x86_64-debian-gcc | 1.0.1 | 5.75 | 29.93 | 35.68 | NOTE | |
r-devel-linux-x86_64-fedora-clang | 1.0.1 | 85.18 | NOTE | |||
r-devel-linux-x86_64-fedora-gcc | 1.0.1 | 96.24 | NOTE | |||
r-devel-macos-arm64 | 1.0.1 | 35.00 | OK | |||
r-devel-macos-x86_64 | 1.0.1 | 89.00 | OK | |||
r-devel-windows-x86_64 | 1.0.1 | 8.00 | 65.00 | 73.00 | OK | |
r-patched-linux-x86_64 | 1.0.1 | 8.65 | 39.09 | 47.74 | NOTE | |
r-release-linux-x86_64 | 1.0.1 | 6.49 | 38.77 | 45.26 | NOTE | |
r-release-macos-arm64 | 1.0.1 | 34.00 | OK | |||
r-release-macos-x86_64 | 1.0.1 | 54.00 | OK | |||
r-release-windows-x86_64 | 1.0.1 | 9.00 | 65.00 | 74.00 | OK | |
r-oldrel-macos-arm64 | 1.0.1 | 35.00 | OK | |||
r-oldrel-macos-x86_64 | 1.0.1 | 53.00 | OK | |||
r-oldrel-windows-x86_64 | 1.0.1 | 12.00 | 92.00 | 104.00 | OK |
Version: 1.0.1
Check: for non-standard things in the check directory
Result: NOTE
Found the following files/directories:
‘myNewStrat.R’
Flavors: r-devel-linux-x86_64-debian-clang, r-devel-linux-x86_64-debian-gcc, r-devel-linux-x86_64-fedora-clang, r-devel-linux-x86_64-fedora-gcc, r-patched-linux-x86_64, r-release-linux-x86_64
These binaries (installable software) and packages are in development.
They may not be fully stable and should be used with caution. We make no claims about them.