Last updated on 2025-10-25 05:50:20 CEST.
| Flavor | Version | Tinstall | Tcheck | Ttotal | Status | Flags |
|---|---|---|---|---|---|---|
| r-devel-linux-x86_64-debian-clang | 3.3.0 | 44.24 | 224.69 | 268.93 | NOTE | |
| r-devel-linux-x86_64-debian-gcc | 3.3.0 | 30.00 | 138.81 | 168.81 | NOTE | |
| r-devel-linux-x86_64-fedora-clang | 3.3.0 | 96.00 | 374.69 | 470.69 | NOTE | |
| r-devel-linux-x86_64-fedora-gcc | 3.3.0 | 96.00 | 353.55 | 449.55 | NOTE | |
| r-devel-windows-x86_64 | 3.3.0 | 44.00 | 286.00 | 330.00 | NOTE | |
| r-patched-linux-x86_64 | 3.3.0 | 48.11 | 221.27 | 269.38 | NOTE | |
| r-release-linux-x86_64 | 3.3.0 | 43.39 | 224.28 | 267.67 | NOTE | |
| r-release-macos-arm64 | 3.3.0 | 23.00 | 88.00 | 111.00 | NOTE | |
| r-release-macos-x86_64 | 3.3.0 | 55.00 | 182.00 | 237.00 | NOTE | |
| r-release-windows-x86_64 | 3.3.0 | 44.00 | 295.00 | 339.00 | NOTE | |
| r-oldrel-macos-arm64 | 3.3.0 | 21.00 | 73.00 | 94.00 | NOTE | |
| r-oldrel-macos-x86_64 | 3.3.0 | 53.00 | 137.00 | 190.00 | NOTE | |
| r-oldrel-windows-x86_64 | 3.3.0 | 47.00 | 303.00 | 350.00 | NOTE |
Version: 3.3.0
Check: CRAN incoming feasibility
Result: NOTE
Maintainer: ‘Michael Heath <m.heath@strath.ac.uk>’
No Authors@R field in DESCRIPTION.
Please add one, modifying
Authors@R: c(person(given = "Michael",
family = "Heath",
role = c("aut", "cre"),
email = "m.heath@strath.ac.uk"),
person(given = "Ian",
family = "Thurlbeck",
role = "ctb"))
as necessary.
Package CITATION file contains call(s) to old-style personList() or
as.personList(). Please use c() on person objects instead.
Package CITATION file contains call(s) to old-style citEntry(). Please
use bibentry() instead.
Flavors: r-devel-linux-x86_64-debian-clang, r-devel-linux-x86_64-debian-gcc
Version: 3.3.0
Check: Rd files
Result: NOTE
checkRd: (-1) StrathE2E2-package.Rd:70: Lost braces; missing escapes or markup?
70 | {Basic model operations:} \cr
| ^
checkRd: (-1) StrathE2E2-package.Rd:79: Lost braces; missing escapes or markup?
79 | {Parameter estimation:} \cr
| ^
checkRd: (-1) StrathE2E2-package.Rd:88: Lost braces; missing escapes or markup?
88 | {Sensitivity and Monte Carlo analyses:} \cr
| ^
checkRd: (-1) StrathE2E2-package.Rd:98: Lost braces; missing escapes or markup?
98 | {Compare model runs:} \cr
| ^
checkRd: (-1) StrathE2E2-package.Rd:105: Lost braces; missing escapes or markup?
105 | {Fishery yield analysis:} \cr
| ^
checkRd: (-1) StrathE2E2-package.Rd:111: Lost braces; missing escapes or markup?
111 | {Visualize model inputs:} \cr
| ^
checkRd: (-1) StrathE2E2-package.Rd:117: Lost braces; missing escapes or markup?
117 | {Visualize model outputs:} \cr
| ^
Flavors: r-devel-linux-x86_64-debian-clang, r-devel-linux-x86_64-debian-gcc, r-devel-linux-x86_64-fedora-clang, r-devel-linux-x86_64-fedora-gcc, r-devel-windows-x86_64, r-patched-linux-x86_64, r-release-linux-x86_64, r-release-macos-arm64, r-release-macos-x86_64, r-release-windows-x86_64, r-oldrel-macos-arm64, r-oldrel-macos-x86_64, r-oldrel-windows-x86_64
Version: 3.3.0
Check: package dependencies
Result: NOTE
Package suggested but not available for checking: ‘StrathE2E2examples’
Flavors: r-oldrel-macos-arm64, r-oldrel-macos-x86_64, r-oldrel-windows-x86_64
Version: 3.3.0
Check: LazyData
Result: NOTE
'LazyData' is specified without a 'data' directory
Flavors: r-oldrel-macos-arm64, r-oldrel-macos-x86_64, r-oldrel-windows-x86_64
These binaries (installable software) and packages are in development.
They may not be fully stable and should be used with caution. We make no claims about them.