Last updated on 2025-02-02 14:48:35 CET.
Flavor | Version | Tinstall | Tcheck | Ttotal | Status | Flags |
---|---|---|---|---|---|---|
r-devel-linux-x86_64-debian-clang | 3.3.0 | 41.73 | 223.30 | 265.03 | NOTE | |
r-devel-linux-x86_64-debian-gcc | 3.3.0 | 32.09 | 137.33 | 169.42 | NOTE | |
r-devel-linux-x86_64-fedora-clang | 3.3.0 | 481.61 | NOTE | |||
r-devel-linux-x86_64-fedora-gcc | 3.3.0 | 434.44 | NOTE | |||
r-devel-windows-x86_64 | 3.3.0 | 44.00 | 379.00 | 423.00 | NOTE | |
r-patched-linux-x86_64 | 3.3.0 | 44.58 | 213.51 | 258.09 | NOTE | |
r-release-linux-x86_64 | 3.3.0 | 42.57 | 218.01 | 260.58 | NOTE | |
r-release-macos-arm64 | 3.3.0 | 94.00 | NOTE | |||
r-release-macos-x86_64 | 3.3.0 | 190.00 | NOTE | |||
r-release-windows-x86_64 | 3.3.0 | 43.00 | 297.00 | 340.00 | NOTE | |
r-oldrel-macos-arm64 | 3.3.0 | 112.00 | NOTE | |||
r-oldrel-macos-x86_64 | 3.3.0 | 215.00 | NOTE | |||
r-oldrel-windows-x86_64 | 3.3.0 | 43.00 | 291.00 | 334.00 | NOTE |
Version: 3.3.0
Check: Rd files
Result: NOTE
checkRd: (-1) StrathE2E2-package.Rd:70: Lost braces; missing escapes or markup?
70 | {Basic model operations:} \cr
| ^
checkRd: (-1) StrathE2E2-package.Rd:79: Lost braces; missing escapes or markup?
79 | {Parameter estimation:} \cr
| ^
checkRd: (-1) StrathE2E2-package.Rd:88: Lost braces; missing escapes or markup?
88 | {Sensitivity and Monte Carlo analyses:} \cr
| ^
checkRd: (-1) StrathE2E2-package.Rd:98: Lost braces; missing escapes or markup?
98 | {Compare model runs:} \cr
| ^
checkRd: (-1) StrathE2E2-package.Rd:105: Lost braces; missing escapes or markup?
105 | {Fishery yield analysis:} \cr
| ^
checkRd: (-1) StrathE2E2-package.Rd:111: Lost braces; missing escapes or markup?
111 | {Visualize model inputs:} \cr
| ^
checkRd: (-1) StrathE2E2-package.Rd:117: Lost braces; missing escapes or markup?
117 | {Visualize model outputs:} \cr
| ^
Flavors: r-devel-linux-x86_64-debian-clang, r-devel-linux-x86_64-debian-gcc, r-devel-linux-x86_64-fedora-clang, r-devel-linux-x86_64-fedora-gcc, r-devel-windows-x86_64, r-patched-linux-x86_64, r-release-linux-x86_64, r-release-macos-arm64, r-release-macos-x86_64, r-release-windows-x86_64
Version: 3.3.0
Check: package dependencies
Result: NOTE
Package suggested but not available for checking: ‘StrathE2E2examples’
Flavors: r-patched-linux-x86_64, r-release-linux-x86_64, r-release-macos-arm64, r-release-macos-x86_64, r-release-windows-x86_64, r-oldrel-macos-arm64, r-oldrel-macos-x86_64, r-oldrel-windows-x86_64
Version: 3.3.0
Check: LazyData
Result: NOTE
'LazyData' is specified without a 'data' directory
Flavors: r-patched-linux-x86_64, r-release-linux-x86_64, r-release-macos-arm64, r-release-macos-x86_64, r-release-windows-x86_64, r-oldrel-macos-arm64, r-oldrel-macos-x86_64, r-oldrel-windows-x86_64
These binaries (installable software) and packages are in development.
They may not be fully stable and should be used with caution. We make no claims about them.