CRAN Package Check Results for Package StratifiedRF

Last updated on 2025-02-16 10:51:00 CET.

Flavor Version Tinstall Tcheck Ttotal Status Flags
r-devel-linux-x86_64-debian-clang 0.2.2 9.47 71.48 80.95 OK
r-devel-linux-x86_64-debian-gcc 0.2.2 6.83 50.93 57.76 OK
r-devel-linux-x86_64-fedora-clang 0.2.2 133.09 OK
r-devel-linux-x86_64-fedora-gcc 0.2.2 117.55 OK
r-devel-macos-arm64 0.2.2 36.00 OK
r-devel-macos-x86_64 0.2.2 75.00 OK
r-devel-windows-x86_64 0.2.2 10.00 78.00 88.00 OK
r-patched-linux-x86_64 0.2.2 10.09 65.90 75.99 NOTE
r-release-linux-x86_64 0.2.2 8.86 65.22 74.08 NOTE
r-release-macos-arm64 0.2.2 36.00 NOTE
r-release-macos-x86_64 0.2.2 53.00 NOTE
r-release-windows-x86_64 0.2.2 10.00 84.00 94.00 NOTE
r-oldrel-macos-arm64 0.2.2 39.00 NOTE
r-oldrel-macos-x86_64 0.2.2 66.00 NOTE
r-oldrel-windows-x86_64 0.2.2 13.00 104.00 117.00 NOTE

Check Details

Version: 0.2.2
Check: LazyData
Result: NOTE 'LazyData' is specified without a 'data' directory Flavors: r-patched-linux-x86_64, r-release-linux-x86_64, r-release-macos-arm64, r-release-macos-x86_64, r-release-windows-x86_64, r-oldrel-macos-arm64, r-oldrel-macos-x86_64, r-oldrel-windows-x86_64

These binaries (installable software) and packages are in development.
They may not be fully stable and should be used with caution. We make no claims about them.