Last updated on 2025-05-21 17:52:29 CEST.
Flavor | Version | Tinstall | Tcheck | Ttotal | Status | Flags |
---|---|---|---|---|---|---|
r-devel-linux-x86_64-debian-clang | 0.4.2 | 97.15 | 79.51 | 176.66 | OK | |
r-devel-linux-x86_64-debian-gcc | 0.4.2 | 73.00 | 56.47 | 129.47 | OK | |
r-devel-linux-x86_64-fedora-clang | 0.4.2 | 333.90 | OK | |||
r-devel-linux-x86_64-fedora-gcc | 0.4.2 | 341.12 | OK | |||
r-devel-windows-x86_64 | 0.4.2 | 113.00 | 116.00 | 229.00 | OK | |
r-patched-linux-x86_64 | 0.4.2 | 97.98 | 72.73 | 170.71 | OK | |
r-release-linux-x86_64 | 0.4.2 | 92.22 | 72.73 | 164.95 | OK | |
r-release-macos-arm64 | 0.4.2 | 81.00 | OK | |||
r-release-macos-x86_64 | 0.4.2 | 143.00 | OK | |||
r-release-windows-x86_64 | 0.4.2 | 114.00 | 109.00 | 223.00 | OK | |
r-oldrel-macos-arm64 | 0.4.2 | 76.00 | NOTE | |||
r-oldrel-macos-x86_64 | 0.4.2 | 119.00 | NOTE | |||
r-oldrel-windows-x86_64 | 0.4.2 | 131.00 | 141.00 | 272.00 | OK |
Version: 0.4.2
Check: installed package size
Result: NOTE
installed size is 5.7Mb
sub-directories of 1Mb or more:
libs 5.4Mb
Flavors: r-oldrel-macos-arm64, r-oldrel-macos-x86_64
These binaries (installable software) and packages are in development.
They may not be fully stable and should be used with caution. We make no claims about them.