CRAN Package Check Results for Package StratifiedSampling

Last updated on 2025-07-22 19:52:02 CEST.

Flavor Version Tinstall Tcheck Ttotal Status Flags
r-devel-linux-x86_64-debian-clang 0.4.2 102.65 79.43 182.08 OK
r-devel-linux-x86_64-debian-gcc 0.4.2 68.88 57.63 126.51 OK
r-devel-linux-x86_64-fedora-clang 0.4.2 331.01 OK
r-devel-linux-x86_64-fedora-gcc 0.4.2 305.69 OK
r-devel-windows-x86_64 0.4.2 111.00 112.00 223.00 OK
r-patched-linux-x86_64 0.4.2 102.55 72.82 175.37 OK
r-release-linux-x86_64 0.4.2 99.94 72.89 172.83 OK
r-release-macos-arm64 0.4.2 81.00 OK
r-release-macos-x86_64 0.4.2 143.00 OK
r-release-windows-x86_64 0.4.2 111.00 107.00 218.00 OK
r-oldrel-macos-arm64 0.4.2 76.00 NOTE
r-oldrel-macos-x86_64 0.4.2 119.00 NOTE
r-oldrel-windows-x86_64 0.4.2 136.00 140.00 276.00 OK

Check Details

Version: 0.4.2
Check: installed package size
Result: NOTE installed size is 5.7Mb sub-directories of 1Mb or more: libs 5.4Mb Flavors: r-oldrel-macos-arm64, r-oldrel-macos-x86_64

These binaries (installable software) and packages are in development.
They may not be fully stable and should be used with caution. We make no claims about them.