Last updated on 2025-11-11 15:50:49 CET.
| Flavor | Version | Tinstall | Tcheck | Ttotal | Status | Flags |
|---|---|---|---|---|---|---|
| r-devel-linux-x86_64-debian-clang | 1.3.1 | 12.92 | 101.62 | 114.54 | NOTE | |
| r-devel-linux-x86_64-debian-gcc | 1.3.1 | 8.77 | 66.37 | 75.14 | NOTE | |
| r-devel-linux-x86_64-fedora-clang | 1.3.1 | 82.00 | 103.10 | 185.10 | OK | |
| r-devel-linux-x86_64-fedora-gcc | 1.3.1 | 29.00 | 141.34 | 170.34 | OK | |
| r-devel-windows-x86_64 | 1.3.1 | 19.00 | 118.00 | 137.00 | OK | |
| r-patched-linux-x86_64 | 1.3.1 | 16.98 | 96.21 | 113.19 | OK | |
| r-release-linux-x86_64 | 1.3.1 | 13.94 | 95.08 | 109.02 | OK | |
| r-release-macos-arm64 | 1.3.1 | 8.00 | 51.00 | 59.00 | OK | |
| r-release-macos-x86_64 | 1.3.1 | 13.00 | 86.00 | 99.00 | OK | |
| r-release-windows-x86_64 | 1.3.1 | 18.00 | 121.00 | 139.00 | OK | |
| r-oldrel-macos-arm64 | 1.3.1 | 6.00 | 41.00 | 47.00 | OK | |
| r-oldrel-macos-x86_64 | 1.3.1 | 10.00 | 63.00 | 73.00 | OK | |
| r-oldrel-windows-x86_64 | 1.3.1 | 25.00 | 149.00 | 174.00 | OK |
Version: 1.3.1
Check: CRAN incoming feasibility
Result: NOTE
Maintainer: ‘Sebastien Wouters <wouterseb@gmail.com>’
No Authors@R field in DESCRIPTION.
Please add one, modifying
Authors@R: c(person(given = "Sebastien",
family = "Wouters",
role = c("aut", "cre"),
email = "wouterseb@gmail.com"),
person(given = c("Adam", "D."),
family = "Smith",
role = "ctb"))
as necessary.
Flavors: r-devel-linux-x86_64-debian-clang, r-devel-linux-x86_64-debian-gcc
These binaries (installable software) and packages are in development.
They may not be fully stable and should be used with caution. We make no claims about them.