Last updated on 2025-05-08 04:52:20 CEST.
Flavor | Version | Tinstall | Tcheck | Ttotal | Status | Flags |
---|---|---|---|---|---|---|
r-devel-linux-x86_64-debian-clang | 1.3.1 | 14.25 | 96.81 | 111.06 | NOTE | |
r-devel-linux-x86_64-debian-gcc | 1.3.1 | 9.01 | 65.39 | 74.40 | NOTE | |
r-devel-linux-x86_64-fedora-clang | 1.3.1 | 186.67 | OK | |||
r-devel-linux-x86_64-fedora-gcc | 1.3.1 | 165.96 | OK | |||
r-devel-windows-x86_64 | 1.3.1 | 16.00 | 123.00 | 139.00 | OK | |
r-patched-linux-x86_64 | 1.3.1 | 15.58 | 90.33 | 105.91 | OK | |
r-release-linux-x86_64 | 1.3.1 | 12.59 | 89.93 | 102.52 | OK | |
r-release-macos-arm64 | 1.3.1 | 59.00 | OK | |||
r-release-macos-x86_64 | 1.3.1 | 99.00 | OK | |||
r-release-windows-x86_64 | 1.3.1 | 17.00 | 122.00 | 139.00 | OK | |
r-oldrel-macos-arm64 | 1.3.1 | 47.00 | OK | |||
r-oldrel-macos-x86_64 | 1.3.1 | 73.00 | OK | |||
r-oldrel-windows-x86_64 | 1.3.1 | 22.00 | 150.00 | 172.00 | OK |
Version: 1.3.1
Check: CRAN incoming feasibility
Result: NOTE
Maintainer: ‘Sebastien Wouters <wouterseb@gmail.com>’
No Authors@R field in DESCRIPTION.
Please add one, modifying
Authors@R: c(person(given = "Sebastien",
family = "Wouters",
role = c("aut", "cre"),
email = "wouterseb@gmail.com"),
person(given = c("Adam", "D."),
family = "Smith",
role = "ctb"))
as necessary.
Flavors: r-devel-linux-x86_64-debian-clang, r-devel-linux-x86_64-debian-gcc
These binaries (installable software) and packages are in development.
They may not be fully stable and should be used with caution. We make no claims about them.