Last updated on 2024-07-27 15:50:35 CEST.
Flavor | Version | Tinstall | Tcheck | Ttotal | Status | Flags |
---|---|---|---|---|---|---|
r-devel-linux-x86_64-debian-clang | 0.2.1 | 380.01 | 316.28 | 696.29 | NOTE | |
r-devel-linux-x86_64-debian-gcc | 0.2.1 | NOTE | ||||
r-devel-linux-x86_64-fedora-clang | 0.2.1 | 1296.44 | NOTE | |||
r-devel-linux-x86_64-fedora-gcc | 0.2.1 | 1000.44 | NOTE | |||
r-devel-windows-x86_64 | 0.2.1 | 306.00 | 202.00 | 508.00 | NOTE | |
r-patched-linux-x86_64 | 0.2.1 | NOTE | ||||
r-release-linux-x86_64 | 0.2.1 | 335.58 | 298.81 | 634.39 | NOTE | |
r-release-macos-arm64 | 0.2.1 | 197.00 | NOTE | |||
r-release-macos-x86_64 | 0.2.1 | 212.00 | NOTE | |||
r-release-windows-x86_64 | 0.2.1 | 417.00 | 221.00 | 638.00 | NOTE | |
r-oldrel-macos-arm64 | 0.2.1 | 269.00 | NOTE | |||
r-oldrel-macos-x86_64 | 0.2.1 | 464.00 | NOTE | |||
r-oldrel-windows-x86_64 | 0.2.1 | 351.00 | 271.00 | 622.00 | NOTE |
Version: 0.2.1
Check: C++ specification
Result: NOTE
Specified C++11: please drop specification unless essential
Flavors: r-devel-linux-x86_64-debian-clang, r-devel-linux-x86_64-debian-gcc, r-devel-linux-x86_64-fedora-clang, r-devel-linux-x86_64-fedora-gcc, r-devel-windows-x86_64, r-patched-linux-x86_64, r-release-linux-x86_64, r-release-macos-arm64, r-release-macos-x86_64, r-release-windows-x86_64, r-oldrel-macos-arm64, r-oldrel-macos-x86_64, r-oldrel-windows-x86_64
Version: 0.2.1
Check: installed package size
Result: NOTE
installed size is 11.1Mb
sub-directories of 1Mb or more:
libs 10.1Mb
Flavors: r-release-macos-arm64, r-release-macos-x86_64, r-oldrel-macos-arm64, r-oldrel-macos-x86_64
These binaries (installable software) and packages are in development.
They may not be fully stable and should be used with caution. We make no claims about them.