CRAN Package Check Results for Package Sunclarco

Last updated on 2025-11-24 15:50:06 CET.

Flavor Version Tinstall Tcheck Ttotal Status Flags
r-devel-linux-x86_64-debian-clang 1.0.0 7.15 62.78 69.93 NOTE
r-devel-linux-x86_64-debian-gcc 1.0.0 6.17 45.46 51.63 NOTE
r-devel-linux-x86_64-fedora-clang 1.0.0 17.00 90.78 107.78 OK
r-devel-linux-x86_64-fedora-gcc 1.0.0 18.00 84.54 102.54 OK
r-devel-windows-x86_64 1.0.0 10.00 67.00 77.00 OK
r-patched-linux-x86_64 1.0.0 6.65 58.80 65.45 OK
r-release-linux-x86_64 1.0.0 8.43 58.91 67.34 OK
r-release-macos-arm64 1.0.0 OK
r-release-macos-x86_64 1.0.0 8.00 49.00 57.00 OK
r-release-windows-x86_64 1.0.0 10.00 79.00 89.00 OK
r-oldrel-macos-arm64 1.0.0 OK
r-oldrel-macos-x86_64 1.0.0 6.00 41.00 47.00 OK
r-oldrel-windows-x86_64 1.0.0 13.00 81.00 94.00 OK

Check Details

Version: 1.0.0
Check: CRAN incoming feasibility
Result: NOTE Maintainer: ‘Roel Braekers <roel.braekers@uhasselt.be>’ No Authors@R field in DESCRIPTION. Please add one, modifying Authors@R: c(person(given = "Leen", family = "Prenen", role = "aut"), person(given = "Roel", family = "Braekers", role = c("aut", "cre"), email = "roel.braekers@uhasselt.be"), person(given = "Luc", family = "Duchateau", role = "aut"), person(given = "Ewoud", family = "De Troyer", role = "aut")) as necessary. Flavors: r-devel-linux-x86_64-debian-clang, r-devel-linux-x86_64-debian-gcc

These binaries (installable software) and packages are in development.
They may not be fully stable and should be used with caution. We make no claims about them.