CRAN Package Check Results for Package SunsVoc

Last updated on 2025-07-05 03:48:50 CEST.

Flavor Version Tinstall Tcheck Ttotal Status Flags
r-devel-linux-x86_64-debian-clang 0.1.2 20.46 58.62 79.08 OK
r-devel-linux-x86_64-debian-gcc 0.1.2 21.42 41.83 63.25 OK
r-devel-linux-x86_64-fedora-clang 0.1.2 127.17 NOTE
r-devel-linux-x86_64-fedora-gcc 0.1.2 131.14 NOTE
r-devel-windows-x86_64 0.1.2 24.00 77.00 101.00 OK
r-patched-linux-x86_64 0.1.2 23.66 55.77 79.43 OK
r-release-linux-x86_64 0.1.2 19.78 54.90 74.68 OK
r-release-macos-arm64 0.1.2 55.00 OK
r-release-macos-x86_64 0.1.2 89.00 OK
r-release-windows-x86_64 0.1.2 27.00 79.00 106.00 OK
r-oldrel-macos-arm64 0.1.2 51.00 OK
r-oldrel-macos-x86_64 0.1.2 73.00 OK
r-oldrel-windows-x86_64 0.1.2 31.00 93.00 124.00 OK

Check Details

Version: 0.1.2
Check: dependencies in R code
Result: NOTE Namespace in Imports field not imported from: ‘data.table’ All declared Imports should be used. Flavors: r-devel-linux-x86_64-fedora-clang, r-devel-linux-x86_64-fedora-gcc

These binaries (installable software) and packages are in development.
They may not be fully stable and should be used with caution. We make no claims about them.