CRAN Package Check Results for Package SunsVoc

Last updated on 2025-05-21 23:48:58 CEST.

Flavor Version Tinstall Tcheck Ttotal Status Flags
r-devel-linux-x86_64-debian-clang 0.1.2 23.41 58.07 81.48 OK
r-devel-linux-x86_64-debian-gcc 0.1.2 22.13 42.15 64.28 OK
r-devel-linux-x86_64-fedora-clang 0.1.2 124.33 NOTE
r-devel-linux-x86_64-fedora-gcc 0.1.2 134.29 NOTE
r-devel-windows-x86_64 0.1.2 26.00 78.00 104.00 OK
r-patched-linux-x86_64 0.1.2 23.90 54.83 78.73 OK
r-release-linux-x86_64 0.1.2 20.33 55.63 75.96 OK
r-release-macos-arm64 0.1.2 55.00 OK
r-release-macos-x86_64 0.1.2 89.00 OK
r-release-windows-x86_64 0.1.2 25.00 79.00 104.00 OK
r-oldrel-macos-arm64 0.1.2 51.00 OK
r-oldrel-macos-x86_64 0.1.2 73.00 OK
r-oldrel-windows-x86_64 0.1.2 31.00 95.00 126.00 OK

Check Details

Version: 0.1.2
Check: dependencies in R code
Result: NOTE Namespace in Imports field not imported from: ‘data.table’ All declared Imports should be used. Flavors: r-devel-linux-x86_64-fedora-clang, r-devel-linux-x86_64-fedora-gcc

These binaries (installable software) and packages are in development.
They may not be fully stable and should be used with caution. We make no claims about them.