Last updated on 2025-05-21 23:48:58 CEST.
Flavor | Version | Tinstall | Tcheck | Ttotal | Status | Flags |
---|---|---|---|---|---|---|
r-devel-linux-x86_64-debian-clang | 1.0.1 | 18.35 | 110.65 | 129.00 | OK | |
r-devel-linux-x86_64-debian-gcc | 1.0.1 | 13.11 | 77.69 | 90.80 | OK | |
r-devel-linux-x86_64-fedora-clang | 1.0.1 | 216.19 | ERROR | |||
r-devel-linux-x86_64-fedora-gcc | 1.0.1 | 226.94 | OK | |||
r-devel-windows-x86_64 | 1.0.1 | 21.00 | 118.00 | 139.00 | OK | |
r-patched-linux-x86_64 | 1.0.1 | 18.27 | 105.76 | 124.03 | OK | |
r-release-linux-x86_64 | 1.0.1 | 17.84 | 110.03 | 127.87 | OK | |
r-release-macos-arm64 | 1.0.1 | 64.00 | OK | |||
r-release-macos-x86_64 | 1.0.1 | 124.00 | OK | |||
r-release-windows-x86_64 | 1.0.1 | 20.00 | 118.00 | 138.00 | OK | |
r-oldrel-macos-arm64 | 1.0.1 | 65.00 | NOTE | |||
r-oldrel-macos-x86_64 | 1.0.1 | 99.00 | NOTE | |||
r-oldrel-windows-x86_64 | 1.0.1 | 27.00 | 153.00 | 180.00 | NOTE |
Version: 1.0.1
Check: PDF version of manual
Result: WARN
LaTeX errors when creating PDF version.
This typically indicates Rd problems.
Flavor: r-devel-linux-x86_64-fedora-clang
Version: 1.0.1
Check: PDF version of manual without index
Result: ERROR
Re-running with no redirection of stdout/stderr.
Flavor: r-devel-linux-x86_64-fedora-clang
Version: 1.0.1
Check: for non-standard things in the check directory
Result: NOTE
Found the following files/directories:
‘SuperCell-manual.tex’
Flavor: r-devel-linux-x86_64-fedora-clang
Version: 1.0.1
Check: package dependencies
Result: NOTE
Package suggested but not available for checking: ‘velocyto.R’
Flavors: r-oldrel-macos-arm64, r-oldrel-macos-x86_64, r-oldrel-windows-x86_64
These binaries (installable software) and packages are in development.
They may not be fully stable and should be used with caution. We make no claims about them.