Last updated on 2025-02-16 10:51:00 CET.
Flavor | Version | Tinstall | Tcheck | Ttotal | Status | Flags |
---|---|---|---|---|---|---|
r-devel-linux-x86_64-debian-clang | 2.0.3 | 51.14 | 131.56 | 182.70 | OK | |
r-devel-linux-x86_64-debian-gcc | 2.0.3 | 39.74 | 130.77 | 170.51 | OK | |
r-devel-linux-x86_64-fedora-clang | 2.0.3 | 352.49 | OK | |||
r-devel-linux-x86_64-fedora-gcc | 2.0.3 | 408.54 | OK | |||
r-devel-macos-arm64 | 2.0.3 | 167.00 | OK | |||
r-devel-macos-x86_64 | 2.0.3 | 273.00 | OK | |||
r-devel-windows-x86_64 | 2.0.3 | 64.00 | 254.00 | 318.00 | OK | |
r-patched-linux-x86_64 | 2.0.3 | 54.81 | 174.18 | 228.99 | OK | |
r-release-linux-x86_64 | 2.0.3 | 53.86 | 172.22 | 226.08 | OK | |
r-release-macos-arm64 | 2.0.3 | 163.00 | NOTE | |||
r-release-macos-x86_64 | 2.0.3 | 200.00 | NOTE | |||
r-release-windows-x86_64 | 2.0.3 | 65.00 | 266.00 | 331.00 | OK | |
r-oldrel-macos-arm64 | 2.0.3 | 186.00 | NOTE | |||
r-oldrel-macos-x86_64 | 2.0.3 | 276.00 | NOTE | |||
r-oldrel-windows-x86_64 | 2.0.3 | 80.00 | 234.00 | 314.00 | OK |
Version: 2.0.3
Check: installed package size
Result: NOTE
installed size is 7.9Mb
sub-directories of 1Mb or more:
libs 7.2Mb
Flavors: r-release-macos-arm64, r-release-macos-x86_64, r-oldrel-macos-arm64, r-oldrel-macos-x86_64
These binaries (installable software) and packages are in development.
They may not be fully stable and should be used with caution. We make no claims about them.