CRAN Package Check Results for Package SuperGauss

Last updated on 2025-05-21 21:49:32 CEST.

Flavor Version Tinstall Tcheck Ttotal Status Flags
r-devel-linux-x86_64-debian-clang 2.0.3 51.72 134.34 186.06 OK
r-devel-linux-x86_64-debian-gcc 2.0.3 38.72 131.19 169.91 OK
r-devel-linux-x86_64-fedora-clang 2.0.3 325.89 OK
r-devel-linux-x86_64-fedora-gcc 2.0.3 360.52 OK
r-devel-windows-x86_64 2.0.3 68.00 199.00 267.00 OK
r-patched-linux-x86_64 2.0.3 55.05 176.43 231.48 OK
r-release-linux-x86_64 2.0.3 52.67 177.37 230.04 OK
r-release-macos-arm64 2.0.3 184.00 OK
r-release-macos-x86_64 2.0.3 285.00 OK
r-release-windows-x86_64 2.0.3 68.00 375.00 443.00 OK
r-oldrel-macos-arm64 2.0.3 163.00 NOTE
r-oldrel-macos-x86_64 2.0.3 200.00 NOTE
r-oldrel-windows-x86_64 2.0.3 80.00 256.00 336.00 OK

Check Details

Version: 2.0.3
Check: installed package size
Result: NOTE installed size is 7.9Mb sub-directories of 1Mb or more: libs 7.2Mb Flavors: r-oldrel-macos-arm64, r-oldrel-macos-x86_64

These binaries (installable software) and packages are in development.
They may not be fully stable and should be used with caution. We make no claims about them.