Last updated on 2025-10-23 19:50:34 CEST.
Flavor | Version | Tinstall | Tcheck | Ttotal | Status | Flags |
---|---|---|---|---|---|---|
r-devel-linux-x86_64-debian-clang | 2.0-29 | 6.47 | 396.29 | 402.76 | NOTE | |
r-devel-linux-x86_64-debian-gcc | 2.0-29 | 4.10 | 315.66 | 319.76 | OK | |
r-devel-linux-x86_64-fedora-clang | 2.0-29 | 33.00 | 567.12 | 600.12 | OK | |
r-devel-linux-x86_64-fedora-gcc | 2.0-29 | 34.00 | 556.97 | 590.97 | OK | |
r-devel-windows-x86_64 | 2.0-29 | 8.00 | 386.00 | 394.00 | OK | |
r-patched-linux-x86_64 | 2.0-29 | 6.10 | 370.36 | 376.46 | OK | |
r-release-linux-x86_64 | 2.0-29 | 5.95 | 375.90 | 381.85 | OK | |
r-release-macos-arm64 | 2.0-29 | 3.00 | 175.00 | 178.00 | OK | |
r-release-macos-x86_64 | 2.0-29 | 6.00 | 351.00 | 357.00 | OK | |
r-release-windows-x86_64 | 2.0-29 | 7.00 | 341.00 | 348.00 | OK | |
r-oldrel-macos-arm64 | 2.0-29 | 3.00 | 156.00 | 159.00 | OK | |
r-oldrel-macos-x86_64 | 2.0-29 | 4.00 | 228.00 | 232.00 | OK | |
r-oldrel-windows-x86_64 | 2.0-29 | 11.00 | 617.00 | 628.00 | OK |
Version: 2.0-29
Check: HTML version of manual
Result: NOTE
Found the following HTML validation problems:
SL.bartMachine.html:123:1 (SL.bartMachine.Rd:58): Warning: missing </ul> before </div>
SL.cforest.html:102:1 (SL.cforest.Rd:40): Warning: missing </ul> before </div>
predict.SL.bartMachine.html:69:1 (predict.SL.bartMachine.Rd:22): Warning: missing </ul> before </div>
predict.SL.kernelKnn.html:55:1 (predict.SL.kernelKnn.Rd:14): Warning: missing </ul> before </div>
predict.SL.xgboost.html:59:1 (predict.SL.xgboost.Rd:16): Warning: missing </ul> before </div>
Flavor: r-devel-linux-x86_64-debian-clang
These binaries (installable software) and packages are in development.
They may not be fully stable and should be used with caution. We make no claims about them.