Last updated on 2025-05-01 12:49:42 CEST.
Flavor | Version | Tinstall | Tcheck | Ttotal | Status | Flags |
---|---|---|---|---|---|---|
r-devel-linux-x86_64-debian-clang | 2.0-29 | 6.17 | 389.71 | 395.88 | NOTE | |
r-devel-linux-x86_64-debian-gcc | 2.0-29 | 4.14 | 315.48 | 319.62 | OK | |
r-devel-linux-x86_64-fedora-clang | 2.0-29 | 580.06 | OK | |||
r-devel-linux-x86_64-fedora-gcc | 2.0-29 | 586.34 | OK | |||
r-devel-windows-x86_64 | 2.0-29 | 7.00 | 335.00 | 342.00 | OK | |
r-patched-linux-x86_64 | 2.0-29 | 5.97 | 363.12 | 369.09 | OK | |
r-release-linux-x86_64 | OK | |||||
r-release-macos-arm64 | 2.0-29 | 178.00 | OK | |||
r-release-macos-x86_64 | 2.0-29 | 357.00 | OK | |||
r-release-windows-x86_64 | 2.0-29 | 7.00 | 506.00 | 513.00 | OK | |
r-oldrel-macos-arm64 | 2.0-29 | 159.00 | OK | |||
r-oldrel-macos-x86_64 | 2.0-29 | 232.00 | OK | |||
r-oldrel-windows-x86_64 | 2.0-29 | 9.00 | 460.00 | 469.00 | OK |
Version: 2.0-29
Check: examples
Result: NOTE
Examples with CPU (user + system) or elapsed time > 5s
user system elapsed
SL.biglasso 5.636 0.088 8.069
Flavor: r-devel-linux-x86_64-debian-clang
Version: 2.0-29
Check: examples
Result: NA
user system elapsed
SL.biglasso 5.709 0.075 7.639
OK
Flavor: r-devel-linux-x86_64-debian-gcc
These binaries (installable software) and packages are in development.
They may not be fully stable and should be used with caution. We make no claims about them.