Last updated on 2025-10-09 23:51:27 CEST.
Flavor | Version | Tinstall | Tcheck | Ttotal | Status | Flags |
---|---|---|---|---|---|---|
r-devel-linux-x86_64-debian-clang | 0.0.1.1 | 32.19 | 191.28 | 223.47 | OK | |
r-devel-linux-x86_64-debian-gcc | 0.0.1.1 | 16.34 | 114.76 | 131.10 | OK | |
r-devel-linux-x86_64-fedora-clang | 0.0.1.1 | 369.66 | OK | |||
r-devel-linux-x86_64-fedora-gcc | 0.0.1.1 | 336.46 | OK | |||
r-devel-windows-x86_64 | 0.0.1.1 | 28.00 | 165.00 | 193.00 | OK | |
r-patched-linux-x86_64 | 0.0.1.1 | 29.79 | 179.33 | 209.12 | OK | |
r-release-linux-x86_64 | 0.0.1.1 | 27.73 | 177.63 | 205.36 | OK | |
r-release-macos-arm64 | 0.0.1.1 | 7.00 | ERROR | |||
r-release-macos-x86_64 | 0.0.1.1 | 16.00 | ERROR | |||
r-release-windows-x86_64 | 0.0.1.1 | 30.00 | 169.00 | 199.00 | OK | |
r-oldrel-macos-arm64 | 0.0.1.1 | 14.00 | ERROR | |||
r-oldrel-macos-x86_64 | 0.0.1.1 | 21.00 | ERROR | |||
r-oldrel-windows-x86_64 | 0.0.1.1 | 31.00 | 232.00 | 263.00 | NOTE |
Version: 0.0.1.1
Check: whether package can be installed
Result: ERROR
Installation failed.
Flavors: r-release-macos-arm64, r-release-macos-x86_64, r-oldrel-macos-arm64, r-oldrel-macos-x86_64
Version: 0.0.1.1
Check: installed package size
Result: NOTE
installed size is 5.4Mb
sub-directories of 1Mb or more:
tinytest 4.1Mb
Flavor: r-oldrel-windows-x86_64
These binaries (installable software) and packages are in development.
They may not be fully stable and should be used with caution. We make no claims about them.