Last updated on 2025-10-24 01:50:42 CEST.
| Flavor | Version | Tinstall | Tcheck | Ttotal | Status | Flags |
|---|---|---|---|---|---|---|
| r-devel-linux-x86_64-debian-clang | 1.0 | 28.69 | 65.88 | 94.57 | OK | |
| r-devel-linux-x86_64-debian-gcc | 1.0 | 22.15 | 52.37 | 74.52 | OK | |
| r-devel-linux-x86_64-fedora-clang | 1.0 | 77.00 | 88.20 | 165.20 | OK | |
| r-devel-linux-x86_64-fedora-gcc | 1.0 | 68.00 | 87.40 | 155.40 | OK | |
| r-devel-windows-x86_64 | 1.0 | 34.00 | 90.00 | 124.00 | OK | |
| r-patched-linux-x86_64 | 1.0 | 30.96 | 66.33 | 97.29 | OK | |
| r-release-linux-x86_64 | 1.0 | 30.59 | 66.50 | 97.09 | OK | |
| r-release-macos-arm64 | 1.0 | 17.00 | 48.00 | 65.00 | OK | |
| r-release-macos-x86_64 | 1.0 | 24.00 | 76.00 | 100.00 | OK | |
| r-release-windows-x86_64 | 1.0 | 35.00 | 96.00 | 131.00 | OK | |
| r-oldrel-macos-arm64 | 1.0 | 16.00 | 32.00 | 48.00 | NOTE | |
| r-oldrel-macos-x86_64 | 1.0 | 25.00 | 58.00 | 83.00 | NOTE | |
| r-oldrel-windows-x86_64 | 1.0 | 43.00 | 118.00 | 161.00 | OK |
Version: 1.0
Check: installed package size
Result: NOTE
installed size is 6.7Mb
sub-directories of 1Mb or more:
libs 6.5Mb
Flavors: r-oldrel-macos-arm64, r-oldrel-macos-x86_64
These binaries (installable software) and packages are in development.
They may not be fully stable and should be used with caution. We make no claims about them.