Last updated on 2025-02-19 06:51:04 CET.
Flavor | Version | Tinstall | Tcheck | Ttotal | Status | Flags |
---|---|---|---|---|---|---|
r-devel-linux-x86_64-debian-clang | 1.0 | 4.90 | 41.42 | 46.32 | OK | |
r-devel-linux-x86_64-debian-gcc | 1.0 | 3.84 | 30.40 | 34.24 | OK | |
r-devel-linux-x86_64-fedora-clang | 1.0 | 80.61 | OK | |||
r-devel-linux-x86_64-fedora-gcc | 1.0 | 69.39 | OK | |||
r-devel-macos-arm64 | 1.0 | 26.00 | OK | |||
r-devel-macos-x86_64 | 1.0 | 46.00 | OK | |||
r-devel-windows-x86_64 | 1.0 | 7.00 | 60.00 | 67.00 | OK | |
r-patched-linux-x86_64 | 1.0 | 5.13 | 37.94 | 43.07 | OK | |
r-release-linux-x86_64 | 1.0 | 4.43 | 38.47 | 42.90 | OK | |
r-release-macos-arm64 | 1.0 | 32.00 | OK | |||
r-release-macos-x86_64 | 1.0 | 52.00 | OK | |||
r-release-windows-x86_64 | 1.0 | 6.00 | 3.00 | 9.00 | FAIL | |
r-oldrel-macos-x86_64 | 1.0 | 52.00 | OK | |||
r-oldrel-windows-x86_64 | 1.0 | 8.00 | 64.00 | 72.00 | OK |
Version: 1.0
Check: package dependencies
Result: FAIL
Flavor: r-release-windows-x86_64
These binaries (installable software) and packages are in development.
They may not be fully stable and should be used with caution. We make no claims about them.