Last updated on 2025-11-11 15:50:49 CET.
| Flavor | Version | Tinstall | Tcheck | Ttotal | Status | Flags |
|---|---|---|---|---|---|---|
| r-devel-linux-x86_64-debian-clang | 1.3 | 5.38 | 60.17 | 65.55 | NOTE | |
| r-devel-linux-x86_64-debian-gcc | 1.3 | 5.26 | 45.19 | 50.45 | NOTE | |
| r-devel-linux-x86_64-fedora-clang | 1.3 | 13.00 | 89.06 | 102.06 | OK | |
| r-devel-linux-x86_64-fedora-gcc | 1.3 | 15.00 | 84.50 | 99.50 | OK | |
| r-devel-windows-x86_64 | 1.3 | 7.00 | 73.00 | 80.00 | OK | |
| r-patched-linux-x86_64 | 1.3 | 6.24 | 57.73 | 63.97 | OK | |
| r-release-linux-x86_64 | 1.3 | 6.43 | 57.50 | 63.93 | OK | |
| r-release-macos-arm64 | 1.3 | 3.00 | 27.00 | 30.00 | OK | |
| r-release-macos-x86_64 | 1.3 | 6.00 | 50.00 | 56.00 | OK | |
| r-release-windows-x86_64 | 1.3 | 7.00 | 73.00 | 80.00 | OK | |
| r-oldrel-macos-arm64 | 1.3 | 3.00 | 28.00 | 31.00 | OK | |
| r-oldrel-macos-x86_64 | 1.3 | 5.00 | 63.00 | 68.00 | OK | |
| r-oldrel-windows-x86_64 | 1.3 | 11.00 | 89.00 | 100.00 | OK |
Version: 1.3
Check: CRAN incoming feasibility
Result: NOTE
Maintainer: ‘Layla Parast <parast@austin.utexas.edu>’
No Authors@R field in DESCRIPTION.
Please add one, modifying
Authors@R: person(given = "Layla",
family = "Parast",
role = c("aut", "cre"),
email = "parast@austin.utexas.edu")
as necessary.
Flavors: r-devel-linux-x86_64-debian-clang, r-devel-linux-x86_64-debian-gcc
These binaries (installable software) and packages are in development.
They may not be fully stable and should be used with caution. We make no claims about them.