Last updated on 2025-10-23 19:50:35 CEST.
Flavor | Version | Tinstall | Tcheck | Ttotal | Status | Flags |
---|---|---|---|---|---|---|
r-devel-linux-x86_64-debian-clang | 0.1.1 | 13.45 | 111.30 | 124.75 | OK | |
r-devel-linux-x86_64-debian-gcc | 0.1.1 | 8.82 | 80.14 | 88.96 | OK | |
r-devel-linux-x86_64-fedora-clang | 0.1.1 | 30.00 | 169.29 | 199.29 | NOTE | |
r-devel-linux-x86_64-fedora-gcc | 0.1.1 | 27.00 | 155.33 | 182.33 | NOTE | |
r-devel-windows-x86_64 | 0.1.1 | 15.00 | 109.00 | 124.00 | OK | |
r-patched-linux-x86_64 | 0.1.1 | 12.60 | 104.13 | 116.73 | OK | |
r-release-linux-x86_64 | 0.1.1 | 12.31 | 103.89 | 116.20 | OK | |
r-release-macos-arm64 | 0.1.1 | 5.00 | 45.00 | 50.00 | OK | |
r-release-macos-x86_64 | 0.1.1 | 8.00 | 78.00 | 86.00 | OK | |
r-release-windows-x86_64 | 0.1.1 | 14.00 | 111.00 | 125.00 | OK | |
r-oldrel-macos-arm64 | 0.1.1 | 5.00 | 45.00 | 50.00 | OK | |
r-oldrel-macos-x86_64 | 0.1.1 | 7.00 | 59.00 | 66.00 | OK | |
r-oldrel-windows-x86_64 | 0.1.1 | 20.00 | 140.00 | 160.00 | OK |
Version: 0.1.1
Check: dependencies in R code
Result: NOTE
Namespace in Imports field not imported from: ‘readr’
All declared Imports should be used.
Flavors: r-devel-linux-x86_64-fedora-clang, r-devel-linux-x86_64-fedora-gcc
These binaries (installable software) and packages are in development.
They may not be fully stable and should be used with caution. We make no claims about them.