Last updated on 2025-05-21 23:48:58 CEST.
Flavor | Version | Tinstall | Tcheck | Ttotal | Status | Flags |
---|---|---|---|---|---|---|
r-devel-linux-x86_64-debian-clang | 0.1.1 | 12.61 | 100.28 | 112.89 | OK | |
r-devel-linux-x86_64-debian-gcc | 0.1.1 | 8.13 | 69.21 | 77.34 | OK | |
r-devel-linux-x86_64-fedora-clang | 0.1.1 | 178.47 | NOTE | |||
r-devel-linux-x86_64-fedora-gcc | 0.1.1 | 164.31 | NOTE | |||
r-devel-windows-x86_64 | 0.1.1 | 16.00 | 103.00 | 119.00 | OK | |
r-patched-linux-x86_64 | 0.1.1 | 12.47 | 94.74 | 107.21 | OK | |
r-release-linux-x86_64 | 0.1.1 | 10.69 | 95.49 | 106.18 | OK | |
r-release-macos-arm64 | 0.1.1 | 50.00 | OK | |||
r-release-macos-x86_64 | 0.1.1 | 86.00 | OK | |||
r-release-windows-x86_64 | 0.1.1 | 14.00 | 107.00 | 121.00 | OK | |
r-oldrel-macos-arm64 | 0.1.1 | 50.00 | OK | |||
r-oldrel-macos-x86_64 | 0.1.1 | 66.00 | OK | |||
r-oldrel-windows-x86_64 | 0.1.1 | 17.00 | 127.00 | 144.00 | OK |
Version: 0.1.1
Check: dependencies in R code
Result: NOTE
Namespace in Imports field not imported from: ‘readr’
All declared Imports should be used.
Flavors: r-devel-linux-x86_64-fedora-clang, r-devel-linux-x86_64-fedora-gcc
These binaries (installable software) and packages are in development.
They may not be fully stable and should be used with caution. We make no claims about them.