Last updated on 2025-02-16 10:51:00 CET.
Flavor | Version | Tinstall | Tcheck | Ttotal | Status | Flags |
---|---|---|---|---|---|---|
r-devel-linux-x86_64-debian-clang | 1.4 | 2.40 | 29.76 | 32.16 | NOTE | |
r-devel-linux-x86_64-debian-gcc | 1.4 | 1.69 | 22.24 | 23.93 | NOTE | |
r-devel-linux-x86_64-fedora-clang | 1.4 | 56.18 | NOTE | |||
r-devel-linux-x86_64-fedora-gcc | 1.4 | 48.88 | NOTE | |||
r-devel-macos-arm64 | 1.4 | 19.00 | OK | |||
r-devel-macos-x86_64 | 1.4 | 32.00 | NOTE | |||
r-devel-windows-x86_64 | 1.4 | 3.00 | 48.00 | 51.00 | NOTE | |
r-patched-linux-x86_64 | 1.4 | 2.37 | 27.97 | 30.34 | OK | |
r-release-linux-x86_64 | 1.4 | 2.18 | 27.97 | 30.15 | OK | |
r-release-macos-arm64 | 1.4 | 18.00 | OK | |||
r-release-macos-x86_64 | 1.4 | 27.00 | OK | |||
r-release-windows-x86_64 | 1.4 | 3.00 | 47.00 | 50.00 | OK | |
r-oldrel-macos-arm64 | 1.4 | 27.00 | OK | |||
r-oldrel-macos-x86_64 | 1.4 | 46.00 | OK | |||
r-oldrel-windows-x86_64 | 1.4 | 4.00 | 54.00 | 58.00 | OK |
Version: 1.4
Check: DESCRIPTION meta-information
Result: NOTE
Missing dependency on R >= 4.1.0 because package code uses the pipe
|> or function shorthand \(...) syntax added in R 4.1.0.
File(s) using such syntax:
‘scoreFull.R’ ‘scoreHalf.R’ ‘scoreLVCF.R’ ‘scoreNVCF.R’
Flavors: r-devel-linux-x86_64-debian-clang, r-devel-linux-x86_64-debian-gcc, r-devel-linux-x86_64-fedora-clang, r-devel-linux-x86_64-fedora-gcc, r-devel-macos-x86_64, r-devel-windows-x86_64
These binaries (installable software) and packages are in development.
They may not be fully stable and should be used with caution. We make no claims about them.