Last updated on 2025-05-01 17:56:18 CEST.
Flavor | Version | Tinstall | Tcheck | Ttotal | Status | Flags |
---|---|---|---|---|---|---|
r-devel-linux-x86_64-debian-clang | 1.4 | 2.45 | 30.42 | 32.87 | NOTE | |
r-devel-linux-x86_64-debian-gcc | 1.4 | 1.79 | 22.40 | 24.19 | NOTE | |
r-devel-linux-x86_64-fedora-clang | 1.4 | 51.27 | NOTE | |||
r-devel-linux-x86_64-fedora-gcc | 1.4 | 49.52 | NOTE | |||
r-devel-windows-x86_64 | 1.4 | 4.00 | 46.00 | 50.00 | NOTE | |
r-patched-linux-x86_64 | 1.4 | 2.38 | 28.63 | 31.01 | NOTE | |
r-release-linux-x86_64 | NOTE | |||||
r-release-macos-arm64 | 1.4 | 18.00 | NOTE | |||
r-release-macos-x86_64 | 1.4 | 31.00 | NOTE | |||
r-release-windows-x86_64 | 1.4 | 3.00 | 49.00 | 52.00 | NOTE | |
r-oldrel-macos-arm64 | 1.4 | 18.00 | OK | |||
r-oldrel-macos-x86_64 | 1.4 | 27.00 | OK | |||
r-oldrel-windows-x86_64 | 1.4 | 3.00 | 47.00 | 50.00 | OK |
Version: 1.4
Check: CRAN incoming feasibility
Result: NOTE
Maintainer: ‘Shannon T. Holloway <shannon.t.holloway@gmail.com>’
No Authors@R field in DESCRIPTION.
Please add one, modifying
Authors@R: c(person(given = "Hongyuan",
family = "Cao",
role = "aut"),
person(given = c("Mathew", "M."),
family = "Churpek",
role = "aut"),
person(given = "Donglin",
family = "Zeng",
role = "aut"),
person(given = c("Jason", "P."),
family = "Fine",
role = "aut"),
person(given = c("Shannon", "T."),
family = "Holloway",
role = c("aut", "cre"),
email = "shannon.t.holloway@gmail.com"))
as necessary.
Flavors: r-devel-linux-x86_64-debian-clang, r-devel-linux-x86_64-debian-gcc
Version: 1.4
Check: DESCRIPTION meta-information
Result: NOTE
Missing dependency on R >= 4.1.0 because package code uses the pipe
|> or function shorthand \(...) syntax added in R 4.1.0.
File(s) using such syntax:
‘scoreFull.R’ ‘scoreHalf.R’ ‘scoreLVCF.R’ ‘scoreNVCF.R’
Flavors: r-devel-linux-x86_64-debian-clang, r-devel-linux-x86_64-debian-gcc, r-devel-linux-x86_64-fedora-clang, r-devel-linux-x86_64-fedora-gcc, r-devel-windows-x86_64, r-patched-linux-x86_64, r-release-linux-x86_64, r-release-macos-arm64, r-release-macos-x86_64, r-release-windows-x86_64
Version: 1.4
Check: examples
Result: NOTE
Examples with CPU (user + system) or elapsed time > 5s
user system elapsed
lastValue 4.749 0.081 6.267
nearValue 3.204 0.000 5.203
Flavor: r-devel-linux-x86_64-debian-clang
These binaries (installable software) and packages are in development.
They may not be fully stable and should be used with caution. We make no claims about them.