Last updated on 2025-07-02 03:50:54 CEST.
Flavor | Version | Tinstall | Tcheck | Ttotal | Status | Flags |
---|---|---|---|---|---|---|
r-devel-linux-x86_64-debian-clang | 0.1.0 | 8.13 | 74.35 | 82.48 | OK | |
r-devel-linux-x86_64-debian-gcc | 0.1.0 | 5.30 | 53.44 | 58.74 | OK | |
r-devel-linux-x86_64-fedora-clang | 0.1.0 | 129.13 | NOTE | |||
r-devel-linux-x86_64-fedora-gcc | 0.1.0 | 129.62 | NOTE | |||
r-devel-windows-x86_64 | 0.1.0 | 9.00 | 89.00 | 98.00 | OK | |
r-patched-linux-x86_64 | OK | |||||
r-release-linux-x86_64 | 0.1.0 | 7.38 | 71.79 | 79.17 | OK | |
r-release-macos-arm64 | 0.1.0 | 42.00 | OK | |||
r-release-macos-x86_64 | 0.1.0 | 77.00 | OK | |||
r-release-windows-x86_64 | 0.1.0 | 8.00 | 90.00 | 98.00 | OK | |
r-oldrel-macos-arm64 | 0.1.0 | 37.00 | NOTE | |||
r-oldrel-macos-x86_64 | 0.1.0 | 54.00 | NOTE | |||
r-oldrel-windows-x86_64 | 0.1.0 | 11.00 | 109.00 | 120.00 | NOTE |
Version: 0.1.0
Check: dependencies in R code
Result: NOTE
Namespace in Imports field not imported from: ‘base’
All declared Imports should be used.
Flavors: r-devel-linux-x86_64-fedora-clang, r-devel-linux-x86_64-fedora-gcc
Version: 0.1.0
Check: LazyData
Result: NOTE
'LazyData' is specified without a 'data' directory
Flavors: r-oldrel-macos-arm64, r-oldrel-macos-x86_64, r-oldrel-windows-x86_64
These binaries (installable software) and packages are in development.
They may not be fully stable and should be used with caution. We make no claims about them.