Last updated on 2025-11-11 15:50:49 CET.
| Flavor | Version | Tinstall | Tcheck | Ttotal | Status | Flags |
|---|---|---|---|---|---|---|
| r-devel-linux-x86_64-debian-clang | 0.1.0 | 6.90 | 75.85 | 82.75 | OK | |
| r-devel-linux-x86_64-debian-gcc | 0.1.0 | 5.71 | 54.74 | 60.45 | OK | |
| r-devel-linux-x86_64-fedora-clang | 0.1.0 | 15.00 | 115.36 | 130.36 | NOTE | |
| r-devel-linux-x86_64-fedora-gcc | 0.1.0 | 14.00 | 117.59 | 131.59 | NOTE | |
| r-devel-windows-x86_64 | 0.1.0 | 8.00 | 90.00 | 98.00 | OK | |
| r-patched-linux-x86_64 | 0.1.0 | 6.46 | 74.17 | 80.63 | OK | |
| r-release-linux-x86_64 | 0.1.0 | 6.18 | 72.83 | 79.01 | OK | |
| r-release-macos-arm64 | 0.1.0 | 4.00 | 38.00 | 42.00 | OK | |
| r-release-macos-x86_64 | 0.1.0 | 6.00 | 71.00 | 77.00 | OK | |
| r-release-windows-x86_64 | 0.1.0 | 8.00 | 87.00 | 95.00 | OK | |
| r-oldrel-macos-arm64 | 0.1.0 | 3.00 | 34.00 | 37.00 | NOTE | |
| r-oldrel-macos-x86_64 | 0.1.0 | 5.00 | 49.00 | 54.00 | NOTE | |
| r-oldrel-windows-x86_64 | 0.1.0 | 11.00 | 107.00 | 118.00 | NOTE |
Version: 0.1.0
Check: dependencies in R code
Result: NOTE
Namespace in Imports field not imported from: ‘base’
All declared Imports should be used.
Flavors: r-devel-linux-x86_64-fedora-clang, r-devel-linux-x86_64-fedora-gcc
Version: 0.1.0
Check: LazyData
Result: NOTE
'LazyData' is specified without a 'data' directory
Flavors: r-oldrel-macos-arm64, r-oldrel-macos-x86_64, r-oldrel-windows-x86_64
These binaries (installable software) and packages are in development.
They may not be fully stable and should be used with caution. We make no claims about them.