Last updated on 2025-05-01 08:52:47 CEST.
Flavor | Version | Tinstall | Tcheck | Ttotal | Status | Flags |
---|---|---|---|---|---|---|
r-devel-linux-x86_64-debian-clang | 0.1 | 5.02 | 51.55 | 56.57 | NOTE | |
r-devel-linux-x86_64-debian-gcc | 0.1 | 2.66 | 34.99 | 37.65 | NOTE | |
r-devel-linux-x86_64-fedora-clang | 0.1 | 88.64 | OK | |||
r-devel-linux-x86_64-fedora-gcc | 0.1 | 87.42 | OK | |||
r-devel-windows-x86_64 | 0.1 | 7.00 | 72.00 | 79.00 | OK | |
r-patched-linux-x86_64 | 0.1 | 5.46 | 49.76 | 55.22 | OK | |
r-release-linux-x86_64 | OK | |||||
r-release-macos-arm64 | 0.1 | 28.00 | OK | |||
r-release-macos-x86_64 | 0.1 | 58.00 | OK | |||
r-release-windows-x86_64 | 0.1 | 7.00 | 72.00 | 79.00 | OK | |
r-oldrel-macos-arm64 | 0.1 | 28.00 | OK | |||
r-oldrel-macos-x86_64 | 0.1 | 47.00 | OK | |||
r-oldrel-windows-x86_64 | 0.1 | 9.00 | 85.00 | 94.00 | OK |
Version: 0.1
Check: CRAN incoming feasibility
Result: NOTE
Maintainer: ‘Zhuowei Sun <sunzw21@mails.jlu.edu.cn>’
The Description field contains
<arXiv:2310.15877> and Sun, D. et al. (2023) <arXiv:2308.15549>.
Please refer to arXiv e-prints via their arXiv DOI <doi:10.48550/arXiv.YYMM.NNNNN>.
Flavors: r-devel-linux-x86_64-debian-clang, r-devel-linux-x86_64-debian-gcc
Version: 0.1
Check: examples
Result: NOTE
Examples with CPU (user + system) or elapsed time > 5s
user system elapsed
tv.co.Cox 4.917 1.194 7.542
add.haz 3.483 0.482 5.787
Flavor: r-devel-linux-x86_64-debian-clang
These binaries (installable software) and packages are in development.
They may not be fully stable and should be used with caution. We make no claims about them.