CRAN Package Check Results for Package SurvSparse

Last updated on 2025-10-03 11:51:04 CEST.

Flavor Version Tinstall Tcheck Ttotal Status Flags
r-devel-linux-x86_64-debian-clang 0.1 4.47 51.37 55.84 NOTE
r-devel-linux-x86_64-debian-gcc 0.1 3.64 36.65 40.29 NOTE
r-devel-linux-x86_64-fedora-clang 0.1 97.34 OK
r-devel-linux-x86_64-fedora-gcc 0.1 87.99 OK
r-devel-windows-x86_64 0.1 8.00 71.00 79.00 OK
r-patched-linux-x86_64 0.1 5.80 49.92 55.72 OK
r-release-linux-x86_64 0.1 5.00 51.04 56.04 OK
r-release-macos-arm64 0.1 28.00 OK
r-release-macos-x86_64 0.1 58.00 OK
r-release-windows-x86_64 0.1 7.00 73.00 80.00 OK
r-oldrel-macos-arm64 0.1 28.00 OK
r-oldrel-macos-x86_64 0.1 47.00 OK
r-oldrel-windows-x86_64 0.1 11.00 81.00 92.00 OK

Check Details

Version: 0.1
Check: CRAN incoming feasibility
Result: NOTE Maintainer: ‘Zhuowei Sun <sunzw21@mails.jlu.edu.cn>’ The Description field contains <arXiv:2310.15877> and Sun, D. et al. (2023) <arXiv:2308.15549>. Please refer to arXiv e-prints via their arXiv DOI <doi:10.48550/arXiv.YYMM.NNNNN>. Flavors: r-devel-linux-x86_64-debian-clang, r-devel-linux-x86_64-debian-gcc

These binaries (installable software) and packages are in development.
They may not be fully stable and should be used with caution. We make no claims about them.