Last updated on 2025-07-04 19:50:32 CEST.
Flavor | Version | Tinstall | Tcheck | Ttotal | Status | Flags |
---|---|---|---|---|---|---|
r-devel-linux-x86_64-debian-clang | 1.2 | 12.38 | 109.70 | 122.08 | NOTE | |
r-devel-linux-x86_64-debian-gcc | 1.2 | 9.31 | 75.35 | 84.66 | NOTE | |
r-devel-linux-x86_64-fedora-clang | 1.2 | 191.04 | OK | |||
r-devel-linux-x86_64-fedora-gcc | 1.2 | 175.41 | OK | |||
r-devel-windows-x86_64 | 1.2 | 12.00 | 111.00 | 123.00 | OK | |
r-patched-linux-x86_64 | 1.2 | 10.72 | 99.89 | 110.61 | OK | |
r-release-linux-x86_64 | 1.2 | 11.86 | 100.64 | 112.50 | OK | |
r-release-macos-arm64 | 1.2 | 50.00 | OK | |||
r-release-macos-x86_64 | 1.2 | 93.00 | OK | |||
r-release-windows-x86_64 | 1.2 | 14.00 | 106.00 | 120.00 | OK | |
r-oldrel-macos-arm64 | 1.2 | 50.00 | OK | |||
r-oldrel-macos-x86_64 | 1.2 | 81.00 | OK | |||
r-oldrel-windows-x86_64 | 1.2 | 19.00 | 135.00 | 154.00 | OK |
Version: 1.2
Check: CRAN incoming feasibility
Result: NOTE
Maintainer: ‘Mithat Gonen <gonenm@mskcc.org>’
Package CITATION file contains call(s) to old-style personList() or
as.personList(). Please use c() on person objects instead.
Package CITATION file contains call(s) to old-style citEntry(). Please
use bibentry() instead.
Flavors: r-devel-linux-x86_64-debian-clang, r-devel-linux-x86_64-debian-gcc
These binaries (installable software) and packages are in development.
They may not be fully stable and should be used with caution. We make no claims about them.