Last updated on 2025-02-07 08:51:36 CET.
Flavor | Version | Tinstall | Tcheck | Ttotal | Status | Flags |
---|---|---|---|---|---|---|
r-devel-linux-x86_64-debian-clang | 2.0.0 | 2.68 | 27.72 | 30.40 | OK | |
r-devel-linux-x86_64-debian-gcc | 2.0.0 | 2.12 | 20.45 | 22.57 | OK | |
r-devel-linux-x86_64-fedora-clang | 2.0.0 | 53.12 | OK | |||
r-devel-linux-x86_64-fedora-gcc | 2.0.0 | 59.36 | OK | |||
r-devel-windows-x86_64 | 2.0.0 | 4.00 | 49.00 | 53.00 | OK | |
r-patched-linux-x86_64 | 2.0.0 | 2.88 | 26.07 | 28.95 | NOTE | |
r-release-linux-x86_64 | 2.0.0 | 2.42 | 25.73 | 28.15 | NOTE | |
r-release-macos-arm64 | 2.0.0 | 22.00 | NOTE | |||
r-release-macos-x86_64 | 2.0.0 | 33.00 | NOTE | |||
r-release-windows-x86_64 | 2.0.0 | 3.00 | 50.00 | 53.00 | NOTE | |
r-oldrel-macos-arm64 | 2.0.0 | 23.00 | NOTE | |||
r-oldrel-macos-x86_64 | 2.0.0 | 43.00 | NOTE | |||
r-oldrel-windows-x86_64 | 2.0.0 | 6.00 | 50.00 | 56.00 | NOTE |
Version: 2.0.0
Check: LazyData
Result: NOTE
'LazyData' is specified without a 'data' directory
Flavors: r-patched-linux-x86_64, r-release-linux-x86_64, r-release-macos-arm64, r-release-macos-x86_64, r-release-windows-x86_64, r-oldrel-macos-arm64, r-oldrel-macos-x86_64, r-oldrel-windows-x86_64
These binaries (installable software) and packages are in development.
They may not be fully stable and should be used with caution. We make no claims about them.