CRAN Package Check Results for Package SyncRNG

Last updated on 2025-10-03 13:49:50 CEST.

Flavor Version Tinstall Tcheck Ttotal Status Flags
r-devel-linux-x86_64-debian-clang 1.3.3 2.57 26.26 28.83 NOTE
r-devel-linux-x86_64-debian-gcc 1.3.3 2.05 20.53 22.58 NOTE
r-devel-linux-x86_64-fedora-clang 1.3.3 45.54 OK
r-devel-linux-x86_64-fedora-gcc 1.3.3 40.52 OK
r-devel-windows-x86_64 1.3.3 5.00 46.00 51.00 OK
r-patched-linux-x86_64 1.3.3 2.63 24.96 27.59 OK
r-release-linux-x86_64 1.3.3 2.51 24.62 27.13 OK
r-release-macos-arm64 1.3.3 17.00 OK
r-release-macos-x86_64 1.3.3 29.00 OK
r-release-windows-x86_64 1.3.3 6.00 46.00 52.00 OK
r-oldrel-macos-arm64 1.3.3 17.00 OK
r-oldrel-macos-x86_64 1.3.3 27.00 OK
r-oldrel-windows-x86_64 1.3.3 6.00 52.00 58.00 OK

Check Details

Version: 1.3.3
Check: CRAN incoming feasibility
Result: NOTE Maintainer: ‘Gertjan van den Burg <gertjanvandenburg@gmail.com>’ No Authors@R field in DESCRIPTION. Please add one, modifying Authors@R: person(given = "Gertjan", family = "van den Burg", role = c("aut", "cre"), email = "gertjanvandenburg@gmail.com") as necessary. Flavors: r-devel-linux-x86_64-debian-clang, r-devel-linux-x86_64-debian-gcc

These binaries (installable software) and packages are in development.
They may not be fully stable and should be used with caution. We make no claims about them.