Last updated on 2025-02-16 10:51:00 CET.
Flavor | Version | Tinstall | Tcheck | Ttotal | Status | Flags |
---|---|---|---|---|---|---|
r-devel-linux-x86_64-debian-clang | 1.1.2 | 6.44 | 53.09 | 59.53 | OK | |
r-devel-linux-x86_64-debian-gcc | 1.1.2 | 4.63 | 38.56 | 43.19 | OK | |
r-devel-linux-x86_64-fedora-clang | 1.1.2 | 103.73 | NOTE | |||
r-devel-linux-x86_64-fedora-gcc | 1.1.2 | 92.70 | NOTE | |||
r-devel-macos-arm64 | 1.1.2 | 32.00 | OK | |||
r-devel-macos-x86_64 | 1.1.2 | 62.00 | OK | |||
r-devel-windows-x86_64 | 1.1.2 | 9.00 | 81.00 | 90.00 | OK | |
r-patched-linux-x86_64 | 1.1.2 | 6.34 | 51.16 | 57.50 | OK | |
r-release-linux-x86_64 | 1.1.2 | 5.84 | 52.45 | 58.29 | OK | |
r-release-macos-arm64 | 1.1.2 | 31.00 | OK | |||
r-release-macos-x86_64 | 1.1.2 | 51.00 | OK | |||
r-release-windows-x86_64 | 1.1.2 | 9.00 | 80.00 | 89.00 | OK | |
r-oldrel-macos-arm64 | 1.1.2 | 44.00 | OK | |||
r-oldrel-macos-x86_64 | 1.1.2 | 64.00 | OK | |||
r-oldrel-windows-x86_64 | 1.1.2 | 10.00 | 92.00 | 102.00 | OK |
Version: 1.1.2
Check: compiled code
Result: NOTE
File ‘SynchWave/libs/SynchWave.so’:
Found no calls to: ‘R_registerRoutines’, ‘R_useDynamicSymbols’
It is good practice to register native routines and to disable symbol
search.
See ‘Writing portable packages’ in the ‘Writing R Extensions’ manual.
Flavors: r-devel-linux-x86_64-fedora-clang, r-devel-linux-x86_64-fedora-gcc
These binaries (installable software) and packages are in development.
They may not be fully stable and should be used with caution. We make no claims about them.