CRAN Package Check Results for Package Synth

Last updated on 2025-02-16 10:51:00 CET.

Flavor Version Tinstall Tcheck Ttotal Status Flags
r-devel-linux-x86_64-debian-clang 1.1-8 5.14 42.10 47.24 NOTE
r-devel-linux-x86_64-debian-gcc 1.1-8 3.67 32.08 35.75 NOTE
r-devel-linux-x86_64-fedora-clang 1.1-8 79.62 OK
r-devel-linux-x86_64-fedora-gcc 1.1-8 70.35 OK
r-devel-macos-arm64 1.1-8 23.00 OK
r-devel-macos-x86_64 1.1-8 44.00 OK
r-devel-windows-x86_64 1.1-8 8.00 60.00 68.00 NOTE
r-patched-linux-x86_64 1.1-8 6.49 39.11 45.60 OK
r-release-linux-x86_64 1.1-8 4.54 39.02 43.56 OK
r-release-macos-arm64 1.1-8 26.00 OK
r-release-macos-x86_64 1.1-8 35.00 OK
r-release-windows-x86_64 1.1-8 6.00 61.00 67.00 OK
r-oldrel-macos-arm64 1.1-8 25.00 OK
r-oldrel-macos-x86_64 1.1-8 48.00 OK
r-oldrel-windows-x86_64 1.1-8 7.00 68.00 75.00 OK

Check Details

Version: 1.1-8
Check: Rd cross-references
Result: NOTE Found the following Rd file(s) with Rd \link{} targets missing package anchors: fn.V.Rd: ipop synth.Rd: ipop, optimx Please provide package anchors for all Rd \link{} targets not in the package itself and the base packages. Flavors: r-devel-linux-x86_64-debian-clang, r-devel-linux-x86_64-debian-gcc, r-devel-windows-x86_64

These binaries (installable software) and packages are in development.
They may not be fully stable and should be used with caution. We make no claims about them.