CRAN Package Check Results for Package SynthTools

Last updated on 2025-05-08 04:52:20 CEST.

Flavor Version Tinstall Tcheck Ttotal Status Flags
r-devel-linux-x86_64-debian-clang 1.0.1 2.09 29.18 31.27 OK
r-devel-linux-x86_64-debian-gcc 1.0.1 1.81 22.93 24.74 OK
r-devel-linux-x86_64-fedora-clang 1.0.1 47.22 NOTE
r-devel-linux-x86_64-fedora-gcc 1.0.1 45.08 NOTE
r-devel-windows-x86_64 1.0.1 4.00 54.00 58.00 OK
r-patched-linux-x86_64 1.0.1 2.33 26.74 29.07 OK
r-release-linux-x86_64 1.0.1 2.44 26.77 29.21 OK
r-release-macos-arm64 1.0.1 21.00 OK
r-release-macos-x86_64 1.0.1 32.00 OK
r-release-windows-x86_64 1.0.1 5.00 54.00 59.00 OK
r-oldrel-macos-arm64 1.0.1 21.00 OK
r-oldrel-macos-x86_64 1.0.1 29.00 OK
r-oldrel-windows-x86_64 1.0.1 5.00 59.00 64.00 OK

Check Details

Version: 1.0.1
Check: dependencies in R code
Result: NOTE Namespace in Imports field not imported from: ‘utils’ All declared Imports should be used. Flavors: r-devel-linux-x86_64-fedora-clang, r-devel-linux-x86_64-fedora-gcc

These binaries (installable software) and packages are in development.
They may not be fully stable and should be used with caution. We make no claims about them.