CRAN Package Check Results for Package SynthTools

Last updated on 2025-07-02 01:51:53 CEST.

Flavor Version Tinstall Tcheck Ttotal Status Flags
r-devel-linux-x86_64-debian-clang 1.0.1 2.19 29.58 31.77 OK
r-devel-linux-x86_64-debian-gcc 1.0.1 1.99 24.00 25.99 OK
r-devel-linux-x86_64-fedora-clang 1.0.1 49.52 NOTE
r-devel-linux-x86_64-fedora-gcc 1.0.1 46.39 NOTE
r-devel-windows-x86_64 1.0.1 4.00 55.00 59.00 OK
r-patched-linux-x86_64 OK
r-release-linux-x86_64 1.0.1 2.39 26.68 29.07 OK
r-release-macos-arm64 1.0.1 21.00 OK
r-release-macos-x86_64 1.0.1 32.00 OK
r-release-windows-x86_64 1.0.1 4.00 55.00 59.00 OK
r-oldrel-macos-arm64 1.0.1 21.00 OK
r-oldrel-macos-x86_64 1.0.1 29.00 OK
r-oldrel-windows-x86_64 1.0.1 5.00 60.00 65.00 OK

Check Details

Version: 1.0.1
Check: dependencies in R code
Result: NOTE Namespace in Imports field not imported from: ‘utils’ All declared Imports should be used. Flavors: r-devel-linux-x86_64-fedora-clang, r-devel-linux-x86_64-fedora-gcc

These binaries (installable software) and packages are in development.
They may not be fully stable and should be used with caution. We make no claims about them.