CRAN Package Check Results for Package T2EQ

Last updated on 2025-10-23 21:51:43 CEST.

Flavor Version Tinstall Tcheck Ttotal Status Flags
r-devel-linux-x86_64-debian-clang 1.1 1.66 20.63 22.29 NOTE
r-devel-linux-x86_64-debian-gcc 1.1 1.41 17.38 18.79 NOTE
r-devel-linux-x86_64-fedora-clang 1.1 33.82 OK
r-devel-linux-x86_64-fedora-gcc 1.1 31.29 OK
r-devel-windows-x86_64 1.1 3.00 36.00 39.00 OK
r-patched-linux-x86_64 1.1 1.64 19.51 21.15 OK
r-release-linux-x86_64 1.1 1.52 19.72 21.24 OK
r-release-macos-arm64 1.1 1.00 14.00 15.00 OK
r-release-macos-x86_64 1.1 2.00 20.00 22.00 OK
r-release-windows-x86_64 1.1 3.00 37.00 40.00 OK
r-oldrel-macos-arm64 1.1 1.00 13.00 14.00 OK
r-oldrel-macos-x86_64 1.1 1.00 19.00 20.00 OK
r-oldrel-windows-x86_64 1.1 2.00 37.00 39.00 OK

Check Details

Version: 1.1
Check: CRAN incoming feasibility
Result: NOTE Maintainer: ‘Thomas Hoffelder <thomas.hoffelder@boehringer-ingelheim.com>’ No Authors@R field in DESCRIPTION. Please add one, modifying Authors@R: person(given = "Thomas", family = "Hoffelder", role = c("aut", "cre"), email = "thomas.hoffelder@boehringer-ingelheim.com") as necessary. Found the following URLs which should use \doi (with the DOI name only): File ‘T2EQ-package.Rd’: http://dx.doi.org/10.1080/10543406.2014.920344 http://dx.doi.org/10.1177/009286159603000427 File ‘T2EQ.Rd’: http://dx.doi.org/10.1080/10543406.2014.920344 File ‘T2EQ.dissolution.profiles.hoffelder.Rd’: http://dx.doi.org/10.1177/009286159603000427 File ‘ex_data_JoBS.Rd’: http://dx.doi.org/10.1080/10543406.2014.920344 Flavors: r-devel-linux-x86_64-debian-clang, r-devel-linux-x86_64-debian-gcc

These binaries (installable software) and packages are in development.
They may not be fully stable and should be used with caution. We make no claims about them.