Last updated on 2025-11-12 23:51:02 CET.
| Flavor | Version | Tinstall | Tcheck | Ttotal | Status | Flags |
|---|---|---|---|---|---|---|
| r-devel-linux-x86_64-debian-clang | 4.3-25 | 149.34 | 177.34 | 326.68 | OK | |
| r-devel-linux-x86_64-debian-gcc | 4.3-25 | 89.78 | 111.58 | 201.36 | OK | |
| r-devel-linux-x86_64-fedora-clang | 4.3-25 | 554.00 | 95.60 | 649.60 | OK | |
| r-devel-linux-x86_64-fedora-gcc | 4.3-25 | 261.00 | 263.74 | 524.74 | OK | |
| r-devel-windows-x86_64 | 4.3-25 | 168.00 | 199.00 | 367.00 | OK | |
| r-patched-linux-x86_64 | 4.3-25 | 147.13 | 163.42 | 310.55 | OK | |
| r-release-linux-x86_64 | 4.3-25 | 142.92 | 166.13 | 309.05 | OK | |
| r-release-macos-arm64 | 4.3-25 | 57.00 | 71.00 | 128.00 | OK | |
| r-release-macos-x86_64 | 4.3-25 | 74.00 | 149.00 | 223.00 | OK | |
| r-release-windows-x86_64 | 4.3-25 | 166.00 | 191.00 | 357.00 | OK | |
| r-oldrel-macos-arm64 | 4.3-25 | 54.00 | 76.00 | 130.00 | NOTE | |
| r-oldrel-macos-x86_64 | 4.3-25 | 79.00 | 150.00 | 229.00 | NOTE | |
| r-oldrel-windows-x86_64 | 4.3-25 | 202.00 | 254.00 | 456.00 | OK |
Version: 4.3-25
Check: installed package size
Result: NOTE
installed size is 8.8Mb
sub-directories of 1Mb or more:
R 2.1Mb
libs 5.8Mb
Flavors: r-oldrel-macos-arm64, r-oldrel-macos-x86_64
These binaries (installable software) and packages are in development.
They may not be fully stable and should be used with caution. We make no claims about them.