Last updated on 2024-07-27 15:50:35 CEST.
Flavor | Version | Tinstall | Tcheck | Ttotal | Status | Flags |
---|---|---|---|---|---|---|
r-devel-linux-x86_64-debian-clang | 2018.5-1 | 145.99 | 22.55 | 168.54 | NOTE | |
r-devel-linux-x86_64-debian-gcc | 2018.5-1 | NOTE | ||||
r-devel-linux-x86_64-fedora-clang | 2018.5-1 | 465.06 | NOTE | |||
r-devel-linux-x86_64-fedora-gcc | 2018.5-1 | 251.43 | NOTE | |||
r-devel-windows-x86_64 | 2018.5-1 | 171.00 | 59.00 | 230.00 | NOTE | |
r-patched-linux-x86_64 | 2018.5-1 | NOTE | ||||
r-release-linux-x86_64 | 2018.5-1 | 115.86 | 21.89 | 137.75 | NOTE | |
r-release-macos-arm64 | 2018.5-1 | 60.00 | NOTE | |||
r-release-macos-x86_64 | 2018.5-1 | 56.00 | NOTE | |||
r-release-windows-x86_64 | 2018.5-1 | 244.00 | 58.00 | 302.00 | NOTE | |
r-oldrel-macos-arm64 | 2018.5-1 | 79.00 | OK | |||
r-oldrel-macos-x86_64 | 2018.5-1 | 147.00 | OK | |||
r-oldrel-windows-x86_64 | 2018.5-1 | 171.00 | 64.00 | 235.00 | OK |
Version: 2018.5-1
Check: Rd files
Result: NOTE
checkRd: (-1) TAQ-functions.Rd:119: Lost braces
119 | Brownlees, C. T., and Gallo, G. M. (2006). Financial Econometric Analysis at Ultra{--}High Frequency: Data Handling Concerns, \emph{Computational Statistics and Data Analysis} \bold{51}, 2232--2245.
| ^
checkRd: (-1) TAQ-package.Rd:59: Lost braces
59 | Brownlees, C. T., and Gallo, G. M. (2006). Financial Econometric Analysis at Ultra{--}High Frequency: Data Handling Concerns, \emph{Computational Statistics and Data Analysis} \bold{51}, 2232--2245.
| ^
Flavors: r-devel-linux-x86_64-debian-clang, r-devel-linux-x86_64-debian-gcc, r-devel-linux-x86_64-fedora-clang, r-devel-linux-x86_64-fedora-gcc, r-devel-windows-x86_64, r-patched-linux-x86_64, r-release-linux-x86_64, r-release-macos-arm64, r-release-macos-x86_64, r-release-windows-x86_64
These binaries (installable software) and packages are in development.
They may not be fully stable and should be used with caution. We make no claims about them.