Last updated on 2025-05-07 15:49:32 CEST.
Flavor | Version | Tinstall | Tcheck | Ttotal | Status | Flags |
---|---|---|---|---|---|---|
r-devel-linux-x86_64-debian-clang | 1.0 | 5.10 | 30.03 | 35.13 | NOTE | |
r-devel-linux-x86_64-debian-gcc | 1.0 | 3.36 | 22.49 | 25.85 | NOTE | |
r-devel-linux-x86_64-fedora-clang | 1.0 | 54.43 | OK | |||
r-devel-linux-x86_64-fedora-gcc | 1.0 | 53.15 | OK | |||
r-devel-windows-x86_64 | 1.0 | 5.00 | 48.00 | 53.00 | OK | |
r-patched-linux-x86_64 | 1.0 | 4.71 | 27.94 | 32.65 | OK | |
r-release-linux-x86_64 | 1.0 | 5.06 | 28.15 | 33.21 | OK | |
r-release-macos-arm64 | 1.0 | 19.00 | OK | |||
r-release-macos-x86_64 | 1.0 | 35.00 | OK | |||
r-release-windows-x86_64 | 1.0 | 6.00 | 49.00 | 55.00 | OK | |
r-oldrel-macos-arm64 | 1.0 | 17.00 | OK | |||
r-oldrel-macos-x86_64 | 1.0 | 34.00 | OK | |||
r-oldrel-windows-x86_64 | 1.0 | 5.00 | 53.00 | 58.00 | OK |
Version: 1.0
Check: CRAN incoming feasibility
Result: NOTE
Maintainer: ‘Hanwen Zhang <hanwengutierrez@gmail.com>’
No Authors@R field in DESCRIPTION.
Please add one, modifying
Authors@R: c(person(given = "Hanwen",
family = "Zhang",
role = c("aut", "cre"),
email = "hanwengutierrez@gmail.com"),
person(given = c("Fabio", "H."),
family = "Nieto",
role = "aut"))
as necessary.
Flavors: r-devel-linux-x86_64-debian-clang, r-devel-linux-x86_64-debian-gcc
These binaries (installable software) and packages are in development.
They may not be fully stable and should be used with caution. We make no claims about them.