Last updated on 2025-05-08 04:52:21 CEST.
Flavor | Version | Tinstall | Tcheck | Ttotal | Status | Flags |
---|---|---|---|---|---|---|
r-devel-linux-x86_64-debian-clang | 1.0.6 | 1.94 | 28.09 | 30.03 | OK | |
r-devel-linux-x86_64-debian-gcc | 1.0.6 | 1.76 | 22.48 | 24.24 | OK | |
r-devel-linux-x86_64-fedora-clang | 1.0.6 | 46.81 | OK | |||
r-devel-linux-x86_64-fedora-gcc | 1.0.6 | 59.26 | OK | |||
r-devel-windows-x86_64 | 1.0.6 | 4.00 | 50.00 | 54.00 | OK | |
r-patched-linux-x86_64 | 1.0.6 | 2.38 | 25.85 | 28.23 | OK | |
r-release-linux-x86_64 | 1.0.6 | 2.09 | 25.83 | 27.92 | OK | |
r-release-macos-arm64 | 1.0.6 | 35.00 | OK | |||
r-release-macos-x86_64 | 1.0.6 | 49.00 | OK | |||
r-release-windows-x86_64 | 1.0.6 | 5.00 | 53.00 | 58.00 | OK | |
r-oldrel-macos-arm64 | 1.0.6 | 24.00 | NOTE | |||
r-oldrel-macos-x86_64 | 1.0.6 | 36.00 | NOTE | |||
r-oldrel-windows-x86_64 | 1.0.6 | 4.00 | 55.00 | 59.00 | NOTE |
Version: 1.0.6
Check: LazyData
Result: NOTE
'LazyData' is specified without a 'data' directory
Flavors: r-oldrel-macos-arm64, r-oldrel-macos-x86_64, r-oldrel-windows-x86_64
These binaries (installable software) and packages are in development.
They may not be fully stable and should be used with caution. We make no claims about them.