CRAN Package Check Results for Package TCIApathfinder

Last updated on 2025-02-16 10:51:01 CET.

Flavor Version Tinstall Tcheck Ttotal Status Flags
r-devel-linux-x86_64-debian-clang 1.0.6 2.21 26.14 28.35 OK
r-devel-linux-x86_64-debian-gcc 1.0.6 1.40 20.57 21.97 OK
r-devel-linux-x86_64-fedora-clang 1.0.6 50.71 OK
r-devel-linux-x86_64-fedora-gcc 1.0.6 58.56 OK
r-devel-macos-arm64 1.0.6 24.00 OK
r-devel-macos-x86_64 1.0.6 45.00 OK
r-devel-windows-x86_64 1.0.6 4.00 50.00 54.00 OK
r-patched-linux-x86_64 1.0.6 2.19 25.04 27.23 NOTE
r-release-linux-x86_64 1.0.6 1.98 24.95 26.93 NOTE
r-release-macos-arm64 1.0.6 24.00 NOTE
r-release-macos-x86_64 1.0.6 36.00 NOTE
r-release-windows-x86_64 1.0.6 4.00 51.00 55.00 NOTE
r-oldrel-macos-arm64 1.0.6 22.00 NOTE
r-oldrel-macos-x86_64 1.0.6 32.00 NOTE
r-oldrel-windows-x86_64 1.0.6 4.00 53.00 57.00 NOTE

Check Details

Version: 1.0.6
Check: LazyData
Result: NOTE 'LazyData' is specified without a 'data' directory Flavors: r-patched-linux-x86_64, r-release-linux-x86_64, r-release-macos-arm64, r-release-macos-x86_64, r-release-windows-x86_64, r-oldrel-macos-arm64, r-oldrel-macos-x86_64, r-oldrel-windows-x86_64

These binaries (installable software) and packages are in development.
They may not be fully stable and should be used with caution. We make no claims about them.