Last updated on 2025-02-16 12:53:54 CET.
Flavor | Version | Tinstall | Tcheck | Ttotal | Status | Flags |
---|---|---|---|---|---|---|
r-devel-linux-x86_64-debian-clang | 1.2.7 | 26.72 | 308.33 | 335.05 | OK | |
r-devel-linux-x86_64-debian-gcc | 1.2.7 | 19.81 | 200.07 | 219.88 | OK | |
r-devel-linux-x86_64-fedora-clang | 1.2.7 | 557.35 | OK | |||
r-devel-linux-x86_64-fedora-gcc | 1.2.7 | 531.06 | OK | |||
r-devel-macos-arm64 | 1.2.7 | 157.00 | OK | |||
r-devel-macos-x86_64 | 1.2.7 | 274.00 | OK | |||
r-devel-windows-x86_64 | 1.2.7 | 33.00 | 406.00 | 439.00 | OK | |
r-patched-linux-x86_64 | 1.2.7 | 26.39 | 297.82 | 324.21 | OK | |
r-release-linux-x86_64 | 1.2.7 | 23.80 | 305.12 | 328.92 | OK | |
r-release-macos-arm64 | 1.2.7 | 117.00 | NOTE | |||
r-release-macos-x86_64 | 1.2.7 | 165.00 | NOTE | |||
r-release-windows-x86_64 | 1.2.7 | 35.00 | 470.00 | 505.00 | NOTE | |
r-oldrel-macos-arm64 | 1.2.7 | 257.00 | NOTE | |||
r-oldrel-macos-x86_64 | 1.2.7 | 441.00 | NOTE | |||
r-oldrel-windows-x86_64 | 1.2.7 | 43.00 | 381.00 | 424.00 | NOTE |
Version: 1.2.7
Check: installed package size
Result: NOTE
installed size is 13.5Mb
sub-directories of 1Mb or more:
doc 12.0Mb
Flavors: r-release-macos-arm64, r-release-macos-x86_64, r-release-windows-x86_64, r-oldrel-macos-arm64, r-oldrel-macos-x86_64, r-oldrel-windows-x86_64
These binaries (installable software) and packages are in development.
They may not be fully stable and should be used with caution. We make no claims about them.