Last updated on 2025-05-01 08:52:48 CEST.
Flavor | Version | Tinstall | Tcheck | Ttotal | Status | Flags |
---|---|---|---|---|---|---|
r-devel-linux-x86_64-debian-clang | 1.2.7 | 26.93 | 316.91 | 343.84 | NOTE | |
r-devel-linux-x86_64-debian-gcc | 1.2.7 | 20.80 | 206.34 | 227.14 | OK | |
r-devel-linux-x86_64-fedora-clang | 1.2.7 | 541.86 | OK | |||
r-devel-linux-x86_64-fedora-gcc | 1.2.7 | 578.62 | OK | |||
r-devel-windows-x86_64 | 1.2.7 | 38.00 | 458.00 | 496.00 | OK | |
r-patched-linux-x86_64 | 1.2.7 | 26.82 | 311.04 | 337.86 | OK | |
r-release-linux-x86_64 | OK | |||||
r-release-macos-arm64 | 1.2.7 | 155.00 | OK | |||
r-release-macos-x86_64 | 1.2.7 | 274.00 | OK | |||
r-release-windows-x86_64 | 1.2.7 | 38.00 | 285.00 | 323.00 | OK | |
r-oldrel-macos-arm64 | 1.2.7 | 117.00 | NOTE | |||
r-oldrel-macos-x86_64 | 1.2.7 | 165.00 | NOTE | |||
r-oldrel-windows-x86_64 | 1.2.7 | 45.00 | 430.00 | 475.00 | NOTE |
Version: 1.2.7
Check: examples
Result: NOTE
Examples with CPU (user + system) or elapsed time > 5s
user system elapsed
fmri_pval_comparison_3d 5.176 0.010 6.225
fmri_image 3.863 0.272 5.843
Flavor: r-devel-linux-x86_64-debian-clang
Version: 1.2.7
Check: installed package size
Result: NOTE
installed size is 13.5Mb
sub-directories of 1Mb or more:
doc 12.0Mb
Flavors: r-oldrel-macos-arm64, r-oldrel-macos-x86_64, r-oldrel-windows-x86_64
These binaries (installable software) and packages are in development.
They may not be fully stable and should be used with caution. We make no claims about them.