Last updated on 2025-10-03 03:51:00 CEST.
Flavor | Version | Tinstall | Tcheck | Ttotal | Status | Flags |
---|---|---|---|---|---|---|
r-devel-linux-x86_64-debian-clang | 1.2.7 | 29.13 | 327.91 | 357.04 | OK | |
r-devel-linux-x86_64-debian-gcc | 1.2.7 | 22.22 | 216.18 | 238.40 | OK | |
r-devel-linux-x86_64-fedora-clang | 1.2.7 | 580.14 | OK | |||
r-devel-linux-x86_64-fedora-gcc | 1.2.7 | 578.06 | OK | |||
r-devel-windows-x86_64 | 1.2.7 | 38.00 | 294.00 | 332.00 | OK | |
r-patched-linux-x86_64 | 1.2.7 | 29.74 | 318.27 | 348.01 | OK | |
r-release-linux-x86_64 | 1.2.7 | 27.63 | 317.33 | 344.96 | OK | |
r-release-macos-arm64 | 1.2.7 | 155.00 | OK | |||
r-release-macos-x86_64 | 1.2.7 | 274.00 | OK | |||
r-release-windows-x86_64 | 1.2.7 | 39.00 | 292.00 | 331.00 | OK | |
r-oldrel-macos-arm64 | 1.2.7 | 117.00 | NOTE | |||
r-oldrel-macos-x86_64 | 1.2.7 | 165.00 | NOTE | |||
r-oldrel-windows-x86_64 | 1.2.7 | 49.00 | 432.00 | 481.00 | NOTE |
Version: 1.2.7
Check: installed package size
Result: NOTE
installed size is 13.5Mb
sub-directories of 1Mb or more:
doc 12.0Mb
Flavors: r-oldrel-macos-arm64, r-oldrel-macos-x86_64, r-oldrel-windows-x86_64
These binaries (installable software) and packages are in development.
They may not be fully stable and should be used with caution. We make no claims about them.