Last updated on 2025-10-23 23:49:48 CEST.
| Flavor | Version | Tinstall | Tcheck | Ttotal | Status | Flags |
|---|---|---|---|---|---|---|
| r-devel-linux-x86_64-debian-clang | 1.9.4 | 109.88 | 87.67 | 197.55 | OK | |
| r-devel-linux-x86_64-debian-gcc | 1.9.4 | 84.69 | 65.87 | 150.56 | OK | |
| r-devel-linux-x86_64-fedora-clang | 1.9.4 | 254.00 | 60.98 | 314.98 | NOTE | |
| r-devel-linux-x86_64-fedora-gcc | 1.9.4 | 294.00 | 75.86 | 369.86 | NOTE | |
| r-devel-windows-x86_64 | 1.9.4 | 127.00 | 189.00 | 316.00 | OK | |
| r-patched-linux-x86_64 | 1.9.4 | 123.99 | 88.07 | 212.06 | OK | |
| r-release-linux-x86_64 | 1.9.4 | 122.59 | 87.42 | 210.01 | OK | |
| r-release-macos-arm64 | 1.9.4 | 48.00 | 58.00 | 106.00 | OK | |
| r-release-macos-x86_64 | 1.9.4 | 97.00 | 103.00 | 200.00 | OK | |
| r-release-windows-x86_64 | 1.9.4 | 125.00 | 236.00 | 361.00 | OK | |
| r-oldrel-macos-arm64 | 1.9.4 | 39.00 | 60.00 | 99.00 | NOTE | |
| r-oldrel-macos-x86_64 | 1.9.4 | 142.00 | 106.00 | 248.00 | NOTE | |
| r-oldrel-windows-x86_64 | 1.9.4 | 150.00 | 208.00 | 358.00 | NOTE |
Version: 1.9.4
Check: dependencies in R code
Result: NOTE
Namespace in Imports field not imported from: ‘scales’
All declared Imports should be used.
Flavors: r-devel-linux-x86_64-fedora-clang, r-devel-linux-x86_64-fedora-gcc
Version: 1.9.4
Check: installed package size
Result: NOTE
installed size is 37.2Mb
sub-directories of 1Mb or more:
doc 1.3Mb
libs 35.5Mb
Flavors: r-oldrel-macos-arm64, r-oldrel-macos-x86_64
Version: 1.9.4
Check: for GNU extensions in Makefiles
Result: NOTE
GNU make is a SystemRequirements.
Flavors: r-oldrel-macos-arm64, r-oldrel-macos-x86_64, r-oldrel-windows-x86_64
These binaries (installable software) and packages are in development.
They may not be fully stable and should be used with caution. We make no claims about them.