Last updated on 2025-05-01 08:52:48 CEST.
Flavor | Version | Tinstall | Tcheck | Ttotal | Status | Flags |
---|---|---|---|---|---|---|
r-devel-linux-x86_64-debian-clang | 0.1.2 | 48.83 | 164.41 | 213.24 | NOTE | |
r-devel-linux-x86_64-debian-gcc | 0.1.2 | 34.27 | 119.78 | 154.05 | NOTE | |
r-devel-linux-x86_64-fedora-clang | 0.1.2 | 355.87 | NOTE | |||
r-devel-linux-x86_64-fedora-gcc | 0.1.2 | 314.34 | NOTE | |||
r-devel-windows-x86_64 | 0.1.2 | 56.00 | 352.00 | 408.00 | NOTE | |
r-patched-linux-x86_64 | 0.1.2 | 44.61 | 157.21 | 201.82 | NOTE | |
r-release-linux-x86_64 | NOTE | |||||
r-release-macos-arm64 | 0.1.2 | 72.00 | NOTE | |||
r-release-macos-x86_64 | 0.1.2 | 137.00 | NOTE | |||
r-release-windows-x86_64 | 0.1.2 | 56.00 | 172.00 | 228.00 | NOTE | |
r-oldrel-macos-arm64 | 0.1.2 | 75.00 | NOTE | |||
r-oldrel-macos-x86_64 | 0.1.2 | 109.00 | NOTE | |||
r-oldrel-windows-x86_64 | 0.1.2 | 65.00 | 228.00 | 293.00 | NOTE |
Version: 0.1.2
Check: C++ specification
Result: NOTE
Specified C++11: please drop specification unless essential
Flavors: r-devel-linux-x86_64-debian-clang, r-devel-linux-x86_64-debian-gcc, r-devel-linux-x86_64-fedora-clang, r-devel-linux-x86_64-fedora-gcc, r-devel-windows-x86_64, r-patched-linux-x86_64, r-release-linux-x86_64, r-release-macos-arm64, r-release-macos-x86_64, r-release-windows-x86_64, r-oldrel-macos-arm64, r-oldrel-macos-x86_64, r-oldrel-windows-x86_64
These binaries (installable software) and packages are in development.
They may not be fully stable and should be used with caution. We make no claims about them.