Last updated on 2025-05-08 04:52:21 CEST.
Flavor | Version | Tinstall | Tcheck | Ttotal | Status | Flags |
---|---|---|---|---|---|---|
r-devel-linux-x86_64-debian-clang | 3.0.4 | 65.20 | 148.42 | 213.62 | OK | |
r-devel-linux-x86_64-debian-gcc | 3.0.4 | 42.67 | 110.07 | 152.74 | OK | |
r-devel-linux-x86_64-fedora-clang | 3.0.4 | 400.67 | OK | |||
r-devel-linux-x86_64-fedora-gcc | 3.0.4 | 377.49 | OK | |||
r-devel-windows-x86_64 | 3.0.4 | 80.00 | 545.00 | 625.00 | OK | |
r-patched-linux-x86_64 | 3.0.4 | 59.77 | 140.49 | 200.26 | OK | |
r-release-linux-x86_64 | 3.0.4 | 58.17 | 142.36 | 200.53 | OK | |
r-release-macos-arm64 | 3.0.4 | 266.00 | OK | |||
r-release-macos-x86_64 | 3.0.4 | 409.00 | OK | |||
r-release-windows-x86_64 | 3.0.4 | 81.00 | 388.00 | 469.00 | OK | |
r-oldrel-macos-arm64 | 3.0.4 | 230.00 | NOTE | |||
r-oldrel-macos-x86_64 | 3.0.4 | 337.00 | NOTE | |||
r-oldrel-windows-x86_64 | 3.0.4 | 91.00 | 512.00 | 603.00 | NOTE |
Version: 3.0.4
Check: installed package size
Result: NOTE
installed size is 10.5Mb
sub-directories of 1Mb or more:
doc 8.2Mb
libs 1.8Mb
Flavors: r-oldrel-macos-arm64, r-oldrel-macos-x86_64, r-oldrel-windows-x86_64
These binaries (installable software) and packages are in development.
They may not be fully stable and should be used with caution. We make no claims about them.