Last updated on 2024-07-27 15:50:35 CEST.
Flavor | Version | Tinstall | Tcheck | Ttotal | Status | Flags |
---|---|---|---|---|---|---|
r-devel-linux-x86_64-debian-clang | 3.0.3 | 89.75 | 167.01 | 256.76 | OK | |
r-devel-linux-x86_64-debian-gcc | 3.0.3 | NOTE | ||||
r-devel-linux-x86_64-fedora-clang | 3.0.3 | 460.33 | NOTE | |||
r-devel-linux-x86_64-fedora-gcc | 3.0.3 | 349.07 | OK | |||
r-devel-windows-x86_64 | 3.0.3 | 77.00 | 324.00 | 401.00 | NOTE | |
r-patched-linux-x86_64 | 3.0.3 | OK | ||||
r-release-linux-x86_64 | 3.0.3 | 65.42 | 157.72 | 223.14 | OK | |
r-release-macos-arm64 | 3.0.3 | 178.00 | NOTE | |||
r-release-macos-x86_64 | 3.0.3 | 269.00 | NOTE | |||
r-release-windows-x86_64 | 3.0.3 | 112.00 | 535.00 | 647.00 | NOTE | |
r-oldrel-macos-arm64 | 3.0.3 | 184.00 | NOTE | |||
r-oldrel-macos-x86_64 | 3.0.3 | 331.00 | NOTE | |||
r-oldrel-windows-x86_64 | 3.0.3 | 86.00 | 375.00 | 461.00 | NOTE |
Version: 3.0.3
Check: Rd cross-references
Result: NOTE
Found the following Rd file(s) with Rd \link{} targets missing package
anchors:
diagram_ksvm.Rd: ksvm
Please provide package anchors for all Rd \link{} targets not in the
package itself and the base packages.
Flavors: r-devel-linux-x86_64-debian-gcc, r-devel-windows-x86_64
Version: 3.0.3
Check: installed package size
Result: NOTE
installed size is 8.2Mb
sub-directories of 1Mb or more:
doc 7.6Mb
Flavors: r-devel-linux-x86_64-fedora-clang, r-devel-windows-x86_64, r-release-macos-arm64, r-release-macos-x86_64, r-release-windows-x86_64, r-oldrel-macos-arm64, r-oldrel-macos-x86_64, r-oldrel-windows-x86_64
Version: 3.0.3
Check: package dependencies
Result: NOTE
Package suggested but not available for checking: ‘igraph’
Flavor: r-oldrel-macos-arm64
These binaries (installable software) and packages are in development.
They may not be fully stable and should be used with caution. We make no claims about them.