Last updated on 2025-02-16 10:51:01 CET.
Flavor | Version | Tinstall | Tcheck | Ttotal | Status | Flags |
---|---|---|---|---|---|---|
r-devel-linux-x86_64-debian-clang | 3.0.4 | 63.12 | 144.28 | 207.40 | OK | |
r-devel-linux-x86_64-debian-gcc | 3.0.4 | 41.65 | 105.80 | 147.45 | OK | |
r-devel-linux-x86_64-fedora-clang | 3.0.4 | 397.15 | OK | |||
r-devel-linux-x86_64-fedora-gcc | 3.0.4 | 373.73 | OK | |||
r-devel-macos-arm64 | 3.0.4 | 233.00 | OK | |||
r-devel-macos-x86_64 | 3.0.4 | 408.00 | OK | |||
r-devel-windows-x86_64 | 3.0.4 | 70.00 | 563.00 | 633.00 | OK | |
r-patched-linux-x86_64 | 3.0.4 | 57.27 | 137.54 | 194.81 | OK | |
r-release-linux-x86_64 | 3.0.4 | 58.70 | 138.56 | 197.26 | OK | |
r-release-macos-arm64 | 3.0.4 | 230.00 | NOTE | |||
r-release-macos-x86_64 | 3.0.4 | 337.00 | NOTE | |||
r-release-windows-x86_64 | 3.0.4 | 71.00 | 556.00 | 627.00 | NOTE | |
r-oldrel-macos-arm64 | 3.0.4 | 231.00 | NOTE | |||
r-oldrel-macos-x86_64 | 3.0.4 | 334.00 | NOTE | |||
r-oldrel-windows-x86_64 | 3.0.4 | 90.00 | 457.00 | 547.00 | NOTE |
Version: 3.0.4
Check: installed package size
Result: NOTE
installed size is 10.5Mb
sub-directories of 1Mb or more:
doc 8.2Mb
libs 1.8Mb
Flavors: r-release-macos-arm64, r-release-macos-x86_64, r-release-windows-x86_64, r-oldrel-macos-arm64, r-oldrel-macos-x86_64, r-oldrel-windows-x86_64
These binaries (installable software) and packages are in development.
They may not be fully stable and should be used with caution. We make no claims about them.