Last updated on 2025-02-02 14:48:36 CET.
Flavor | Version | Tinstall | Tcheck | Ttotal | Status | Flags |
---|---|---|---|---|---|---|
r-devel-linux-x86_64-debian-clang | 0.1.3 | 0.37 | 1.81 | 2.18 | ERROR | |
r-devel-linux-x86_64-debian-gcc | 0.1.3 | 0.33 | 1.46 | 1.79 | ERROR | |
r-devel-linux-x86_64-fedora-clang | 0.1.3 | 128.18 | OK | |||
r-devel-linux-x86_64-fedora-gcc | 0.1.3 | 2.86 | ERROR | |||
r-devel-windows-x86_64 | 0.1.3 | 47.00 | 72.00 | 119.00 | OK | |
r-patched-linux-x86_64 | 0.1.3 | 0.34 | 1.74 | 2.08 | ERROR | |
r-release-linux-x86_64 | 0.1.3 | 0.31 | 1.82 | 2.13 | ERROR | |
r-release-macos-arm64 | 0.1.3 | 49.00 | OK | |||
r-release-macos-x86_64 | 0.1.3 | 65.00 | OK | |||
r-release-windows-x86_64 | 0.1.3 | 45.00 | 66.00 | 111.00 | OK | |
r-oldrel-macos-arm64 | 0.1.3 | 60.00 | OK | |||
r-oldrel-macos-x86_64 | 0.1.3 | 84.00 | OK | |||
r-oldrel-windows-x86_64 | 0.1.3 | 55.00 | 73.00 | 128.00 | OK |
Version: 0.1.3
Check: package dependencies
Result: ERROR
Package required but not available: ‘TDA’
See section ‘The DESCRIPTION file’ in the ‘Writing R Extensions’
manual.
Flavors: r-devel-linux-x86_64-debian-clang, r-devel-linux-x86_64-debian-gcc, r-devel-linux-x86_64-fedora-gcc, r-patched-linux-x86_64, r-release-linux-x86_64
These binaries (installable software) and packages are in development.
They may not be fully stable and should be used with caution. We make no claims about them.