CRAN Package Check Results for Package TDbook

Last updated on 2025-05-08 04:52:21 CEST.

Flavor Version Tinstall Tcheck Ttotal Status Flags
r-devel-linux-x86_64-debian-clang 0.0.6 2.02 19.01 21.03 NOTE
r-devel-linux-x86_64-debian-gcc 0.0.6 1.81 15.81 17.62 NOTE
r-devel-linux-x86_64-fedora-clang 0.0.6 33.34 OK
r-devel-linux-x86_64-fedora-gcc 0.0.6 31.37 OK
r-devel-windows-x86_64 0.0.6 4.00 42.00 46.00 OK
r-patched-linux-x86_64 0.0.6 2.73 18.10 20.83 OK
r-release-linux-x86_64 0.0.6 2.13 18.02 20.15 OK
r-release-macos-arm64 0.0.6 16.00 OK
r-release-macos-x86_64 0.0.6 24.00 OK
r-release-windows-x86_64 0.0.6 3.00 41.00 44.00 OK
r-oldrel-macos-arm64 0.0.6 15.00 OK
r-oldrel-macos-x86_64 0.0.6 21.00 OK
r-oldrel-windows-x86_64 0.0.6 4.00 41.00 45.00 OK

Check Details

Version: 0.0.6
Check: CRAN incoming feasibility
Result: NOTE Maintainer: ‘Guangchuang Yu <guangchuangyu@gmail.com>’ Package CITATION file contains call(s) to old-style citEntry(). Please use bibentry() instead. Flavors: r-devel-linux-x86_64-debian-clang, r-devel-linux-x86_64-debian-gcc

These binaries (installable software) and packages are in development.
They may not be fully stable and should be used with caution. We make no claims about them.