Last updated on 2025-10-23 23:49:48 CEST.
| Flavor | Version | Tinstall | Tcheck | Ttotal | Status | Flags |
|---|---|---|---|---|---|---|
| r-devel-linux-x86_64-debian-clang | 6.0-0 | 2.10 | 44.27 | 46.37 | NOTE | |
| r-devel-linux-x86_64-debian-gcc | 6.0-0 | 1.74 | 28.18 | 29.92 | NOTE | |
| r-devel-linux-x86_64-fedora-clang | 6.0-0 | 74.69 | OK | |||
| r-devel-linux-x86_64-fedora-gcc | 6.0-0 | 69.21 | OK | |||
| r-devel-windows-x86_64 | 6.0-0 | 3.00 | 52.00 | 55.00 | OK | |
| r-patched-linux-x86_64 | 6.0-0 | 2.18 | 42.00 | 44.18 | OK | |
| r-release-linux-x86_64 | 6.0-0 | 2.12 | 39.78 | 41.90 | OK | |
| r-release-macos-arm64 | 6.0-0 | 1.00 | 21.00 | 22.00 | OK | |
| r-release-macos-x86_64 | 6.0-0 | 2.00 | 56.00 | 58.00 | OK | |
| r-release-windows-x86_64 | 6.0-0 | 3.00 | 55.00 | 58.00 | OK | |
| r-oldrel-macos-arm64 | 6.0-0 | 1.00 | 20.00 | 21.00 | OK | |
| r-oldrel-macos-x86_64 | 6.0-0 | 2.00 | 37.00 | 39.00 | OK | |
| r-oldrel-windows-x86_64 | 6.0-0 | 3.00 | 53.00 | 56.00 | OK |
Version: 6.0-0
Check: CRAN incoming feasibility
Result: NOTE
Maintainer: ‘M. Suzette Blanchard <sblanchard@coh.org>’
No Authors@R field in DESCRIPTION.
Please add one, modifying
Authors@R: person(given = c("M.", "Suzette"),
family = "Blanchard",
role = c("aut", "cre"),
email = "sblanchard@coh.org")
as necessary.
Flavors: r-devel-linux-x86_64-debian-clang, r-devel-linux-x86_64-debian-gcc
These binaries (installable software) and packages are in development.
They may not be fully stable and should be used with caution. We make no claims about them.