CRAN Package Check Results for Package TFM

Last updated on 2025-10-03 05:53:55 CEST.

Flavor Version Tinstall Tcheck Ttotal Status Flags
r-devel-linux-x86_64-debian-clang 0.5.2 8.68 83.30 91.98 OK
r-devel-linux-x86_64-debian-gcc 0.5.2 7.06 58.05 65.11 OK
r-devel-linux-x86_64-fedora-clang 0.5.2 150.66 OK
r-devel-linux-x86_64-fedora-gcc 0.5.2 134.18 OK
r-devel-windows-x86_64 0.5.2 14.00 93.00 107.00 OK
r-patched-linux-x86_64 0.5.2 9.51 77.87 87.38 OK
r-release-linux-x86_64 0.5.2 9.49 77.73 87.22 OK
r-release-macos-arm64 0.5.2 40.00 OK
r-release-macos-x86_64 0.5.2 72.00 OK
r-release-windows-x86_64 0.5.2 14.00 89.00 103.00 OK
r-oldrel-macos-arm64 0.5.2 44.00 OK
r-oldrel-macos-x86_64 0.5.2 73.00 NOTE
r-oldrel-windows-x86_64 0.5.2 18.00 116.00 134.00 OK

Check Details

Version: 0.5.2
Check: installed package size
Result: NOTE installed size is 5.2Mb sub-directories of 1Mb or more: data 5.0Mb Flavor: r-oldrel-macos-x86_64

These binaries (installable software) and packages are in development.
They may not be fully stable and should be used with caution. We make no claims about them.