Last updated on 2025-02-02 19:48:36 CET.
Flavor | Version | Tinstall | Tcheck | Ttotal | Status | Flags |
---|---|---|---|---|---|---|
r-devel-linux-x86_64-debian-clang | 0.2.0 | 6.84 | 62.42 | 69.26 | OK | |
r-devel-linux-x86_64-debian-gcc | 0.2.0 | 5.37 | 46.87 | 52.24 | OK | |
r-devel-linux-x86_64-fedora-clang | 0.2.0 | 116.88 | OK | |||
r-devel-linux-x86_64-fedora-gcc | 0.2.0 | 106.58 | OK | |||
r-devel-windows-x86_64 | 0.2.0 | 8.00 | 88.00 | 96.00 | OK | |
r-patched-linux-x86_64 | 0.2.0 | 7.17 | 59.61 | 66.78 | NOTE | |
r-release-linux-x86_64 | 0.2.0 | 7.01 | 59.86 | 66.87 | NOTE | |
r-release-macos-arm64 | 0.2.0 | 32.00 | NOTE | |||
r-release-macos-x86_64 | 0.2.0 | 64.00 | NOTE | |||
r-release-windows-x86_64 | 0.2.0 | 8.00 | 81.00 | 89.00 | NOTE | |
r-oldrel-macos-arm64 | 0.2.0 | 38.00 | NOTE | |||
r-oldrel-macos-x86_64 | 0.2.0 | 53.00 | NOTE | |||
r-oldrel-windows-x86_64 | 0.2.0 | 10.00 | 96.00 | 106.00 | NOTE |
Version: 0.2.0
Check: LazyData
Result: NOTE
'LazyData' is specified without a 'data' directory
Flavors: r-patched-linux-x86_64, r-release-linux-x86_64, r-release-macos-arm64, r-release-macos-x86_64, r-release-windows-x86_64, r-oldrel-macos-arm64, r-oldrel-macos-x86_64, r-oldrel-windows-x86_64
These binaries (installable software) and packages are in development.
They may not be fully stable and should be used with caution. We make no claims about them.