CRAN Package Check Results for Package TFunHDDC

Last updated on 2025-05-21 23:48:58 CEST.

Flavor Version Tinstall Tcheck Ttotal Status Flags
r-devel-linux-x86_64-debian-clang 1.0.1 14.89 154.63 169.52 NOTE
r-devel-linux-x86_64-debian-gcc 1.0.1 9.51 116.83 126.34 NOTE
r-devel-linux-x86_64-fedora-clang 1.0.1 256.74 NOTE
r-devel-linux-x86_64-fedora-gcc 1.0.1 259.54 NOTE
r-devel-windows-x86_64 1.0.1 17.00 241.00 258.00 NOTE
r-patched-linux-x86_64 1.0.1 12.45 153.47 165.92 NOTE
r-release-linux-x86_64 1.0.1 11.93 152.75 164.68 NOTE
r-release-macos-arm64 1.0.1 94.00 NOTE
r-release-macos-x86_64 1.0.1 170.00 NOTE
r-release-windows-x86_64 1.0.1 17.00 173.00 190.00 NOTE
r-oldrel-macos-arm64 1.0.1 94.00 NOTE
r-oldrel-macos-x86_64 1.0.1 128.00 NOTE
r-oldrel-windows-x86_64 1.0.1 21.00 207.00 228.00 NOTE

Check Details

Version: 1.0.1
Check: Rd files
Result: NOTE checkRd: (-1) predict.tfunHDDC.Rd:31-39: Lost braces 31 | The teigen family. Stat Comput 22:1021{1029. <doi.org/10.1007/ | ^ Flavors: r-devel-linux-x86_64-debian-clang, r-devel-linux-x86_64-debian-gcc, r-devel-linux-x86_64-fedora-clang, r-devel-linux-x86_64-fedora-gcc, r-devel-windows-x86_64, r-patched-linux-x86_64, r-release-linux-x86_64, r-release-macos-arm64, r-release-macos-x86_64, r-release-windows-x86_64, r-oldrel-macos-arm64, r-oldrel-macos-x86_64, r-oldrel-windows-x86_64

Version: 1.0.1
Check: Rd cross-references
Result: NOTE Found the following Rd file(s) with Rd \link{} targets missing package anchors: tfunHDDC.Rd: tkmeans Please provide package anchors for all Rd \link{} targets not in the package itself and the base packages. Flavors: r-devel-linux-x86_64-debian-clang, r-devel-linux-x86_64-debian-gcc, r-devel-windows-x86_64, r-patched-linux-x86_64, r-release-linux-x86_64, r-release-windows-x86_64

These binaries (installable software) and packages are in development.
They may not be fully stable and should be used with caution. We make no claims about them.