CRAN Package Check Results for Package TGST

Last updated on 2025-05-03 22:50:12 CEST.

Flavor Version Tinstall Tcheck Ttotal Status Flags
r-devel-linux-x86_64-debian-clang 1.0 5.66 67.95 73.61 OK
r-devel-linux-x86_64-debian-gcc 1.0 3.79 51.19 54.98 OK
r-devel-linux-x86_64-fedora-clang 1.0 106.03 NOTE
r-devel-linux-x86_64-fedora-gcc 1.0 128.04 NOTE
r-devel-windows-x86_64 1.0 7.00 105.00 112.00 OK
r-patched-linux-x86_64 1.0 4.37 63.68 68.05 OK
r-release-linux-x86_64 OK
r-release-macos-arm64 1.0 73.00 OK
r-release-macos-x86_64 1.0 87.00 OK
r-release-windows-x86_64 1.0 7.00 105.00 112.00 OK
r-oldrel-macos-arm64 1.0 43.00 OK
r-oldrel-macos-x86_64 1.0 73.00 OK
r-oldrel-windows-x86_64 1.0 9.00 121.00 130.00 OK

Check Details

Version: 1.0
Check: dependencies in R code
Result: NOTE Namespace in Imports field not imported from: ‘knitr’ All declared Imports should be used. Flavors: r-devel-linux-x86_64-fedora-clang, r-devel-linux-x86_64-fedora-gcc

These binaries (installable software) and packages are in development.
They may not be fully stable and should be used with caution. We make no claims about them.