CRAN Package Check Results for Package TH.data

Last updated on 2025-07-04 11:50:41 CEST.

Flavor Version Tinstall Tcheck Ttotal Status Flags
r-devel-linux-x86_64-debian-clang 1.1-3 4.97 88.66 93.63 NOTE
r-devel-linux-x86_64-debian-gcc 1.1-3 3.60 65.75 69.35 NOTE
r-devel-linux-x86_64-fedora-clang 1.1-3 134.96 OK
r-devel-linux-x86_64-fedora-gcc 1.1-3 147.30 OK
r-devel-windows-x86_64 1.1-3 7.00 382.00 389.00 OK
r-patched-linux-x86_64 1.1-3 4.76 87.00 91.76 NOTE
r-release-linux-x86_64 1.1-3 4.37 85.40 89.77 NOTE
r-release-macos-arm64 1.1-3 79.00 OK
r-release-macos-x86_64 1.1-3 99.00 OK
r-release-windows-x86_64 1.1-3 7.00 375.00 382.00 OK
r-oldrel-macos-arm64 1.1-3 59.00 NOTE
r-oldrel-macos-x86_64 1.1-3 118.00 NOTE
r-oldrel-windows-x86_64 1.1-3 8.00 446.00 454.00 NOTE

Check Details

Version: 1.1-3
Check: for unstated dependencies in ‘demo’
Result: NOTE 'library' or 'require' calls not declared from: ‘dplyr’ ‘openxlsx’ ‘plyr’ Flavors: r-devel-linux-x86_64-debian-clang, r-devel-linux-x86_64-debian-gcc, r-patched-linux-x86_64, r-release-linux-x86_64

Version: 1.1-3
Check: installed package size
Result: NOTE installed size is 8.8Mb sub-directories of 1Mb or more: data 1.1Mb rda 7.0Mb Flavors: r-oldrel-macos-arm64, r-oldrel-macos-x86_64, r-oldrel-windows-x86_64

These binaries (installable software) and packages are in development.
They may not be fully stable and should be used with caution. We make no claims about them.