Last updated on 2025-02-16 10:51:01 CET.
Flavor | Version | Tinstall | Tcheck | Ttotal | Status | Flags |
---|---|---|---|---|---|---|
r-devel-linux-x86_64-debian-clang | 1.1-3 | 5.19 | 87.49 | 92.68 | NOTE | |
r-devel-linux-x86_64-debian-gcc | 1.1-3 | 4.32 | 65.87 | 70.19 | NOTE | |
r-devel-linux-x86_64-fedora-clang | 1.1-3 | 153.48 | OK | |||
r-devel-linux-x86_64-fedora-gcc | 1.1-3 | 163.30 | OK | |||
r-devel-macos-arm64 | 1.1-3 | 59.00 | OK | |||
r-devel-macos-x86_64 | 1.1-3 | 101.00 | OK | |||
r-devel-windows-x86_64 | 1.1-3 | 7.00 | 383.00 | 390.00 | OK | |
r-patched-linux-x86_64 | 1.1-3 | 5.19 | 84.14 | 89.33 | OK | |
r-release-linux-x86_64 | 1.1-3 | 4.97 | 84.11 | 89.08 | OK | |
r-release-macos-arm64 | 1.1-3 | 59.00 | NOTE | |||
r-release-macos-x86_64 | 1.1-3 | 118.00 | NOTE | |||
r-release-windows-x86_64 | 1.1-3 | 7.00 | 379.00 | 386.00 | NOTE | |
r-oldrel-macos-arm64 | 1.1-2 | 56.00 | NOTE | |||
r-oldrel-macos-x86_64 | 1.1-3 | 140.00 | NOTE | |||
r-oldrel-windows-x86_64 | 1.1-3 | 8.00 | 460.00 | 468.00 | NOTE |
Version: 1.1-3
Check: for unstated dependencies in ‘demo’
Result: NOTE
'library' or 'require' calls not declared from:
‘dplyr’ ‘openxlsx’ ‘plyr’
Flavors: r-devel-linux-x86_64-debian-clang, r-devel-linux-x86_64-debian-gcc
Version: 1.1-3
Check: installed package size
Result: NOTE
installed size is 8.8Mb
sub-directories of 1Mb or more:
data 1.1Mb
rda 7.0Mb
Flavors: r-release-macos-arm64, r-release-macos-x86_64, r-release-windows-x86_64, r-oldrel-macos-x86_64, r-oldrel-windows-x86_64
Version: 1.1-2
Check: installed package size
Result: NOTE
installed size is 8.9Mb
sub-directories of 1Mb or more:
data 1.1Mb
rda 7.1Mb
Flavor: r-oldrel-macos-arm64
These binaries (installable software) and packages are in development.
They may not be fully stable and should be used with caution. We make no claims about them.