CRAN Package Check Results for Package TH.data

Last updated on 2025-05-08 04:52:21 CEST.

Flavor Version Tinstall Tcheck Ttotal Status Flags
r-devel-linux-x86_64-debian-clang 1.1-3 5.36 86.23 91.59 NOTE
r-devel-linux-x86_64-debian-gcc 1.1-3 3.05 66.70 69.75 NOTE
r-devel-linux-x86_64-fedora-clang 1.1-3 140.63 OK
r-devel-linux-x86_64-fedora-gcc 1.1-3 151.54 OK
r-devel-windows-x86_64 1.1-3 7.00 372.00 379.00 OK
r-patched-linux-x86_64 1.1-3 4.80 84.96 89.76 NOTE
r-release-linux-x86_64 1.1-3 4.24 86.78 91.02 NOTE
r-release-macos-arm64 1.1-3 79.00 OK
r-release-macos-x86_64 1.1-3 99.00 OK
r-release-windows-x86_64 1.1-3 7.00 373.00 380.00 OK
r-oldrel-macos-arm64 1.1-3 59.00 NOTE
r-oldrel-macos-x86_64 1.1-3 118.00 NOTE
r-oldrel-windows-x86_64 1.1-3 8.00 467.00 475.00 NOTE

Check Details

Version: 1.1-3
Check: for unstated dependencies in ‘demo’
Result: NOTE 'library' or 'require' calls not declared from: ‘dplyr’ ‘openxlsx’ ‘plyr’ Flavors: r-devel-linux-x86_64-debian-clang, r-devel-linux-x86_64-debian-gcc, r-patched-linux-x86_64, r-release-linux-x86_64

Version: 1.1-3
Check: installed package size
Result: NOTE installed size is 8.8Mb sub-directories of 1Mb or more: data 1.1Mb rda 7.0Mb Flavors: r-oldrel-macos-arm64, r-oldrel-macos-x86_64, r-oldrel-windows-x86_64

These binaries (installable software) and packages are in development.
They may not be fully stable and should be used with caution. We make no claims about them.