CRAN Package Check Results for Package TITAN2

Last updated on 2025-05-08 04:52:21 CEST.

Flavor Version Tinstall Tcheck Ttotal Status Flags
r-devel-linux-x86_64-debian-clang 2.4.3 8.11 118.15 126.26 NOTE
r-devel-linux-x86_64-debian-gcc 2.4.3 5.42 82.34 87.76 NOTE
r-devel-linux-x86_64-fedora-clang 2.4.3 185.59 OK
r-devel-linux-x86_64-fedora-gcc 2.4.3 203.04 OK
r-devel-windows-x86_64 2.4.3 9.00 374.00 383.00 NOTE
r-patched-linux-x86_64 2.4.3 9.68 112.71 122.39 NOTE
r-release-linux-x86_64 2.4.3 8.49 113.05 121.54 NOTE
r-release-macos-arm64 2.4.3 64.00 OK
r-release-macos-x86_64 2.4.3 119.00 OK
r-release-windows-x86_64 2.4.3 10.00 197.00 207.00 NOTE
r-oldrel-macos-arm64 2.4.3 58.00 OK
r-oldrel-macos-x86_64 2.4.3 128.00 OK
r-oldrel-windows-x86_64 2.4.3 12.00 351.00 363.00 OK

Check Details

Version: 2.4.3
Check: Rd cross-references
Result: NOTE Found the following Rd file(s) with Rd \link{} targets missing package anchors: plot_taxa_ridges.Rd: scale_fill_gradient, theme_ridges, geom_density_ridges Please provide package anchors for all Rd \link{} targets not in the package itself and the base packages. Flavors: r-devel-linux-x86_64-debian-clang, r-devel-linux-x86_64-debian-gcc, r-devel-windows-x86_64, r-patched-linux-x86_64, r-release-linux-x86_64, r-release-windows-x86_64

These binaries (installable software) and packages are in development.
They may not be fully stable and should be used with caution. We make no claims about them.