CRAN Package Check Results for Package TITAN2

Last updated on 2025-10-03 13:49:51 CEST.

Flavor Version Tinstall Tcheck Ttotal Status Flags
r-devel-linux-x86_64-debian-clang 2.4.3 9.58 126.51 136.09 NOTE
r-devel-linux-x86_64-debian-gcc 2.4.3 6.52 90.82 97.34 NOTE
r-devel-linux-x86_64-fedora-clang 2.4.3 217.11 OK
r-devel-linux-x86_64-fedora-gcc 2.4.3 210.40 OK
r-devel-windows-x86_64 2.4.3 11.00 195.00 206.00 NOTE
r-patched-linux-x86_64 2.4.3 9.95 120.64 130.59 NOTE
r-release-linux-x86_64 2.4.3 9.05 119.90 128.95 NOTE
r-release-macos-arm64 2.4.3 64.00 OK
r-release-macos-x86_64 2.4.3 119.00 OK
r-release-windows-x86_64 2.4.3 13.00 195.00 208.00 NOTE
r-oldrel-macos-arm64 2.4.3 58.00 OK
r-oldrel-macos-x86_64 2.4.3 128.00 OK
r-oldrel-windows-x86_64 2.4.3 16.00 209.00 225.00 OK

Check Details

Version: 2.4.3
Check: Rd cross-references
Result: NOTE Found the following Rd file(s) with Rd \link{} targets missing package anchors: plot_taxa_ridges.Rd: scale_fill_gradient, theme_ridges, geom_density_ridges Please provide package anchors for all Rd \link{} targets not in the package itself and the base packages. Flavors: r-devel-linux-x86_64-debian-clang, r-devel-linux-x86_64-debian-gcc, r-devel-windows-x86_64, r-patched-linux-x86_64, r-release-linux-x86_64, r-release-windows-x86_64

These binaries (installable software) and packages are in development.
They may not be fully stable and should be used with caution. We make no claims about them.