Last updated on 2025-02-16 10:51:02 CET.
Flavor | Version | Tinstall | Tcheck | Ttotal | Status | Flags |
---|---|---|---|---|---|---|
r-devel-linux-x86_64-debian-clang | 1.1 | 4.49 | 36.13 | 40.62 | NOTE | |
r-devel-linux-x86_64-debian-gcc | 1.1 | 3.37 | 26.09 | 29.46 | NOTE | |
r-devel-linux-x86_64-fedora-clang | 1.1 | 68.50 | NOTE | |||
r-devel-linux-x86_64-fedora-gcc | 1.1 | 61.21 | NOTE | |||
r-devel-macos-arm64 | 1.1 | 22.00 | NOTE | |||
r-devel-macos-x86_64 | 1.1 | 40.00 | NOTE | |||
r-devel-windows-x86_64 | 1.1 | 7.00 | 85.00 | 92.00 | NOTE | |
r-patched-linux-x86_64 | 1.1 | 6.27 | 33.86 | 40.13 | NOTE | |
r-release-linux-x86_64 | 1.1 | 3.87 | 34.16 | 38.03 | NOTE | |
r-release-macos-arm64 | 1.1 | 21.00 | NOTE | |||
r-release-macos-x86_64 | 1.1 | 31.00 | NOTE | |||
r-release-windows-x86_64 | 1.1 | 7.00 | 298.00 | 305.00 | NOTE | |
r-oldrel-macos-arm64 | 1.1 | 24.00 | NOTE | |||
r-oldrel-macos-x86_64 | 1.1 | 33.00 | NOTE | |||
r-oldrel-windows-x86_64 | 1.1 | 8.00 | 78.00 | 86.00 | NOTE |
Version: 1.1
Check: Rd files
Result: NOTE
checkRd: (-1) tv_episode_changes.Rd:29: Lost braces; missing escapes or markup?
29 | This method is used in conjunction with the /tv/{id}/changes method. This method uses the episode_id value found in the change entries.
| ^
checkRd: (-1) tv_season_changes.Rd:29: Lost braces; missing escapes or markup?
29 | This method is used in conjunction with the /tv/{id}/changes method. This method uses the season_id value found in the change entries.
| ^
Flavors: r-devel-linux-x86_64-debian-clang, r-devel-linux-x86_64-debian-gcc, r-devel-linux-x86_64-fedora-clang, r-devel-linux-x86_64-fedora-gcc, r-devel-macos-arm64, r-devel-macos-x86_64, r-devel-windows-x86_64, r-patched-linux-x86_64, r-release-linux-x86_64, r-release-macos-arm64, r-release-macos-x86_64, r-release-windows-x86_64
Version: 1.1
Check: LazyData
Result: NOTE
'LazyData' is specified without a 'data' directory
Flavors: r-patched-linux-x86_64, r-release-linux-x86_64, r-release-macos-arm64, r-release-macos-x86_64, r-release-windows-x86_64, r-oldrel-macos-arm64, r-oldrel-macos-x86_64, r-oldrel-windows-x86_64
These binaries (installable software) and packages are in development.
They may not be fully stable and should be used with caution. We make no claims about them.